{"id":67,"date":"2012-02-07T16:36:15","date_gmt":"2012-02-07T15:36:15","guid":{"rendered":"http:\/\/editionslightmotiv.apps-1and1.net\/?post_type=product&#038;p=67"},"modified":"2021-12-16T12:09:39","modified_gmt":"2021-12-16T11:09:39","slug":"un-rideau-darbres-richard-baron","status":"publish","type":"product","link":"https:\/\/editionslightmotiv.com\/en\/product\/un-rideau-darbres-richard-baron\/","title":{"rendered":"UN RIDEAU D&rsquo;ARBRES"},"content":{"rendered":"<p class=\"p1\">Photographies : Richard BARON<br \/>\nTexte : Olivier DE SOLMINIHAC<br \/>\nLivre de 144 pages<br \/>\nFormat : 25 x 25 cm.<br \/>\nHardcover, bind, square spine<br \/>\n144 pages quadrichromie sur papier Hello Fat Mat 150 gr certifi\u00e9 FSC.<br \/>\nISBN : 9782953790825<br \/>\nParution : 2012<\/p>","protected":false},"excerpt":{"rendered":"<p class=\"p1\">Un rideau d\u2019arbres est un livre de nouvelles photographiques et litt\u00e9raires.<br \/>\nL\u2019ouvrage est cr\u00e9\u00e9 pendant la transformation d\u2019une cit\u00e9 mini\u00e8re \u00e0 Libercourt, dans les Hauts-de-France.<br \/>\nRichard Baron, photographe, rencontre les habitants, collecte leurs portraits, leurs attitudes, les images des lieux d\u00e9truits ou r\u00e9nov\u00e9s. Il organise ensuite sa production en s\u00e9ries.<br \/>\nChaque s\u00e9quence photographique est reprise par Olivier de Solminihac, \u00e9crivain, qui invente \u00e0 chaque fois une fiction, une nouvelle litt\u00e9raire.<br \/>\nAinsi se dessine au fil des chroniques, le paysage visible et invisible du quartier, entre relev\u00e9 factuel et apparitions imagin\u00e9es. Une autre voie documentaire.<\/p>","protected":false},"featured_media":65,"template":"","meta":[],"product_brand":[],"product_cat":[135],"product_tag":[48,236,53,195,51,197,54],"class_list":{"0":"post-67","1":"product","2":"type-product","3":"status-publish","4":"has-post-thumbnail","6":"product_cat-livre","7":"product_tag-bassin-minier","8":"product_tag-coal-mining","9":"product_tag-libercourt","10":"product_tag-livre-photographique","11":"product_tag-olivier-de-solminihac","12":"product_tag-photobook","13":"product_tag-richard-baron","15":"first","16":"instock","17":"shipping-taxable","18":"purchasable","19":"product-type-simple"},"_links":{"self":[{"href":"https:\/\/editionslightmotiv.com\/en\/wp-json\/wp\/v2\/product\/67","targetHints":{"allow":["GET"]}}],"collection":[{"href":"https:\/\/editionslightmotiv.com\/en\/wp-json\/wp\/v2\/product"}],"about":[{"href":"https:\/\/editionslightmotiv.com\/en\/wp-json\/wp\/v2\/types\/product"}],"wp:featuredmedia":[{"embeddable":true,"href":"https:\/\/editionslightmotiv.com\/en\/wp-json\/wp\/v2\/media\/65"}],"wp:attachment":[{"href":"https:\/\/editionslightmotiv.com\/en\/wp-json\/wp\/v2\/media?parent=67"}],"wp:term":[{"taxonomy":"product_brand","embeddable":true,"href":"https:\/\/editionslightmotiv.com\/en\/wp-json\/wp\/v2\/product_brand?post=67"},{"taxonomy":"product_cat","embeddable":true,"href":"https:\/\/editionslightmotiv.com\/en\/wp-json\/wp\/v2\/product_cat?post=67"},{"taxonomy":"product_tag","embeddable":true,"href":"https:\/\/editionslightmotiv.com\/en\/wp-json\/wp\/v2\/product_tag?post=67"}],"curies":[{"name":"wp","href":"https:\/\/api.w.org\/{rel}","templated":true}]}}

<p class="p1">Photographies : Richard BARON<br />
Texte : Olivier DE SOLMINIHAC<br />
Livre de 144 pages<br />
Format : 25 x 25 cm.<br />
Hardcover, bind, square spine<br />
144 pages quadrichromie sur papier Hello Fat Mat 150 gr certifié FSC.<br />
ISBN : 9782953790825<br />
Parution : 2012</p>

<p class="p1">Un rideau d’arbres est un livre de nouvelles photographiques et littéraires.<br />
L’ouvrage est créé pendant la transformation d’une cité minière à Libercourt, dans les Hauts-de-France.<br />
Richard Baron, photographe, rencontre les habitants, collecte leurs portraits, leurs attitudes, les images des lieux détruits ou rénovés. Il organise ensuite sa production en séries.<br />
Chaque séquence photographique est reprise par Olivier de Solminihac, écrivain, qui invente à chaque fois une fiction, une nouvelle littéraire.<br />
Ainsi se dessine au fil des chroniques, le paysage visible et invisible du quartier, entre relevé factuel et apparitions imaginées. Une autre voie documentaire.</p>
