{"id":5090,"date":"2026-01-14T12:16:47","date_gmt":"2026-01-14T11:16:47","guid":{"rendered":"https:\/\/editionslightmotiv.com\/?post_type=product&#038;p=5090"},"modified":"2026-03-15T16:19:17","modified_gmt":"2026-03-15T15:19:17","slug":"tsunami-trees","status":"publish","type":"product","link":"https:\/\/editionslightmotiv.com\/en\/product\/tsunami-trees\/","title":{"rendered":"Tsunami Trees"},"content":{"rendered":"<div class=\"page\" title=\"Page 1\">\n<div class=\"layoutArea\">\n<div class=\"column\">\n<div class=\"page\" title=\"Page 1\">\n<div class=\"layoutArea\">\n<div class=\"column\">\n<h2><em><strong>TSUNAMI TREES<br \/>\nNaoya Hatakeyama<\/strong><\/em><\/h2>\n<p class=\"p1\">Quinze ans apr\u00e8s la vague du <strong>tsunami du 11 mars 2011<\/strong> qui a touch\u00e9 les c\u00f4tes du <strong>Nord-Est du Japon<\/strong>, les r\u00e9percussions sont encore pr\u00e9gnantes, dans les paysages, les pens\u00e9es de chacun.e, la nature m\u00eame. Apr\u00e8s la publication des livres <a href=\"https:\/\/editionslightmotiv.com\/en\/product\/kesengawa-naoya-hatakeyama\/\"><strong><em>Kesengawa<\/em><\/strong><\/a> (2012) et <em><a href=\"https:\/\/editionslightmotiv.com\/en\/product\/rikuzentakata-naoya-hatakeyama\/\"><strong>Rikuzentakata<\/strong><\/a><\/em> (2015) consacr\u00e9s aux cons\u00e9quences plus directes, humaines et mat\u00e9rielles du tsunami, <a href=\"https:\/\/editionslightmotiv.com\/en\/auteurs-photographes\/naoya_hatakeyama\/\"><strong>Naoya Hatakeyama<\/strong><\/a> s\u2019est int\u00e9ress\u00e9 au sort des <strong>arbres<\/strong> au fur et \u00e0 mesure de la reconstruction de la r\u00e9gion c\u00f4ti\u00e8re. Il constate la <strong>m\u00e9tamorphose des paysages<\/strong>, in\u00e9vitable du fait du r\u00e9am\u00e9nagement et du retour des activit\u00e9s humaines.<\/p>\n<p class=\"p1\">Aux d\u00e9tours de ses marches du Sud vers le Nord, il rep\u00e8re un arbre encore debout, balafr\u00e9 d\u2019une grande entaille, comme coup\u00e9 en deux entre une moiti\u00e9 recouverte de feuilles et une autre, nue et sans vie. C\u2019est l\u00e0 que le projet <strong><em>Tsunami Trees<\/em> <\/strong>prend racine.<\/p>\n<p class=\"p1 translation-block\">Swept away by the wave, a large number of trees were completely destroyed and litter the land like the remains of a vanished world. Others gradually dried up, affected by the salt water, while some were cut down and used for reconstruction. Finally, there are <strong>those that remained between life and death<\/strong>, half-growing back. Naoya Hatakeyama experiences this valiant recovery in the changing light and passing seasons, a perpetual cycle whose beauty the photographer simply reveals.<\/p>\n<p class=\"p1 translation-block\">His text (available in english also) at the end of the book sheds light on his approach which bears witness to the structural transformations of a landscape after devastation. He connects <strong>our place as humans in a world of \u201ctransformed nature\u201d<\/strong>, which we shape with roads, dykes and buildings, disconnecting ourselves from the enduring yet ephemeral dynamics of nature. A world that can be wiped out in an instant by the relentless power of a wave. But one that also knows how to readjust after chaos and destruction, and <strong>which is gradually reborn<\/strong>.<\/p>\n<p class=\"p1 translation-block\">This work is published with the support of the <a href=\"https:\/\/www.ffjs.org\/? lang=en\" target=\"_blank\" rel=\"noopener\">Sasakawa French-Japanese Foundation<\/a> and the support of the translation and publication programme of the <a href=\"https:\/\/www.jpf.go.jp\/e\/\" target=\"_blank\" rel=\"noopener\">Japan Foundation<\/a>.<\/p>\n<p>&nbsp;<\/p>\n<p><img loading=\"lazy\" decoding=\"async\" class=\"alignnone  wp-image-5380\" src=\"https:\/\/editionslightmotiv.com\/wp-content\/uploads\/2026\/01\/logo_FFJS_Sasakawa-1400x676.jpg\" alt=\"\" width=\"161\" height=\"78\" srcset=\"https:\/\/editionslightmotiv.com\/wp-content\/uploads\/2026\/01\/logo_FFJS_Sasakawa-1400x676.jpg 1400w, https:\/\/editionslightmotiv.com\/wp-content\/uploads\/2026\/01\/logo_FFJS_Sasakawa-280x135.jpg 280w, https:\/\/editionslightmotiv.com\/wp-content\/uploads\/2026\/01\/logo_FFJS_Sasakawa-768x371.jpg 768w, https:\/\/editionslightmotiv.com\/wp-content\/uploads\/2026\/01\/logo_FFJS_Sasakawa-1536x741.jpg 1536w, https:\/\/editionslightmotiv.com\/wp-content\/uploads\/2026\/01\/logo_FFJS_Sasakawa-18x9.jpg 18w, https:\/\/editionslightmotiv.com\/wp-content\/uploads\/2026\/01\/logo_FFJS_Sasakawa-900x434.jpg 900w, https:\/\/editionslightmotiv.com\/wp-content\/uploads\/2026\/01\/logo_FFJS_Sasakawa.jpg 1606w\" sizes=\"auto, (max-width: 161px) 100vw, 161px\" \/>\u00a0 \u00a0<img loading=\"lazy\" decoding=\"async\" class=\"alignnone  wp-image-5381\" src=\"https:\/\/editionslightmotiv.com\/wp-content\/uploads\/2026\/01\/logo_JapanFoundation.png\" alt=\"\" width=\"175\" height=\"79\" srcset=\"https:\/\/editionslightmotiv.com\/wp-content\/uploads\/2026\/01\/logo_JapanFoundation.png 364w, https:\/\/editionslightmotiv.com\/wp-content\/uploads\/2026\/01\/logo_JapanFoundation-280x126.png 280w, https:\/\/editionslightmotiv.com\/wp-content\/uploads\/2026\/01\/logo_JapanFoundation-18x8.png 18w\" sizes=\"auto, (max-width: 175px) 100vw, 175px\" \/><\/p>\n<\/div>\n<\/div>\n<\/div>\n<\/div>\n<\/div>\n<div class=\"column\"><\/div>\n<div class=\"layoutArea\">\n<div class=\"column\">\n<div class=\"page\" title=\"Page 1\">\n<div class=\"layoutArea\">\n<div class=\"column\">\n<hr \/>\n<h3><strong>Technical features<\/strong><\/h3>\n<div class=\"column\">\n<ul style=\"list-style-type: disc;\">\n<li style=\"list-style-type: none;\">\n<ul style=\"list-style-type: disc;\">\n<li><span style=\"font-size: 80%;\">Release date : 20 February 2026<\/span><\/li>\n<li><span style=\"font-size: 80%;\">Photographs, foreword and text (in french and english) : Naoya Hatakeyama<\/span><\/li>\n<li><span style=\"font-size: 80%;\">French translation from Japanese : Corinne Quentin<\/span><\/li>\n<li><span style=\"font-size: 80%;\">English translation from Japanese : Key Benger<\/span><\/li>\n<li><span style=\"font-family: helvetica, arial, sans-serif; font-size: 80%;\">First edition published in Japan by Shogakukan<\/span><\/li>\n<li><span style=\"font-family: helvetica, arial, sans-serif; font-size: 80%;\">Graphic design : Milky Isobe (Studio Parabolica)<\/span><\/li>\n<li><span style=\"font-size: 80%;\">Texts design : Hayashi Chiho, Abe Harumi (Studio Parabolica)<\/span><\/li>\n<li><span style=\"font-size: 80%;\">Printer coordinator : Toda Shigeo<\/span><\/li>\n<li><span style=\"font-size: 80%;\">Map : Heibonsha Cartographic Publishing<\/span><\/li>\n<li><span style=\"font-size: 80%;\">Publishing coordination in France : Light Motiv (Eric Le Brun with Laur\u00e8ne Becquart)<\/span><\/li>\n<li><span style=\"font-size: 80%;\">Graphic adaptation and French cover conception : J\u00e9r\u00f4me Grimbert (Les produits de l'\u00e9picerie)<\/span><\/li>\n<li><span style=\"font-size: 80%;\">Papiers : Arctic Volume White 150 g, Gardapat Klassica 135 g, Materica Kraft 120 g<\/span><\/li>\n<li><span style=\"font-size: 80%;\">Book format : 25 x 30 cm\u00a0<\/span><\/li>\n<li><span style=\"font-size: 80%;\">144 pages - 52 photographs<\/span><\/li>\n<li><span style=\"font-size: 80%;\">Print run of 1000 copies<\/span><\/li>\n<li><span style=\"font-size: 80%;\"><span style=\"font-size: 80%;\">ISBN : <\/span>9791095118312<\/span><\/li>\n<li><span style=\"font-size: 80%;\">Public price : 45 \u20ac<\/span><\/li>\n<\/ul>\n<\/li>\n<\/ul>\n<\/div>\n<\/div>\n<\/div>\n<\/div>\n<\/div>\n<div class=\"column\">\n<div class=\"page\" title=\"Page 1\">\n<div class=\"layoutArea\">\n<div class=\"column\">\n<div class=\"column\">\n<hr \/>\n<h3><strong>Press and booksellers' comments<\/strong><\/h3>\n<\/div>\n<p class=\"translation-block\"><strong>You can view or upload the <a href=\"https:\/\/drive.google.com\/drive\/u\/0\/folders\/1fw4u_lIGCP1SFaOlSAv-YYElYGaEOaI7\" target=\"_blank\" rel=\"noopener\">press kit<\/a> (visuals, cover, book layout in PDF et press release).<\/strong><\/p>\n<hr \/>\n<\/div>\n<h3 style=\"text-align: left;\"><strong>Current events<\/strong><\/h3>\n<p>A VENIR<\/p>\n<\/div>\n<\/div>\n<\/div>\n<\/div>\n<\/div>","protected":false},"excerpt":{"rendered":"<p><em>Naoya Hatakeyama<br \/>\n<\/em><\/p>\n<h4><\/h4>\n<p>&nbsp;<\/p>","protected":false},"featured_media":5091,"template":"","meta":[],"product_brand":[],"product_cat":[135],"product_tag":[1050,1047,116,1066,1068,1067,847,1070,1072,1062,747,746,1057,974,1065,1052,119,1059,1060,231,36,1049,234,821,913,1061,812,64,846,38,781,1046,235,1031,1054,197,696,697,1064,1063,1053,1056,1048,1071,1069,1055,1051,37,1044,1045,843,1058],"class_list":{"0":"post-5090","1":"product","2":"type-product","3":"status-publish","4":"has-post-thumbnail","6":"product_cat-livre","7":"product_tag-arbres","8":"product_tag-catastrophe-naturelle","9":"product_tag-classic","10":"product_tag-climate","11":"product_tag-coast","12":"product_tag-cote","13":"product_tag-death","14":"product_tag-digue","15":"product_tag-dyke","16":"product_tag-earth","17":"product_tag-environment","18":"product_tag-environnement","19":"product_tag-equilibre","20":"product_tag-espace","21":"product_tag-forest","22":"product_tag-foret","23":"product_tag-green","24":"product_tag-humain","25":"product_tag-human-being","26":"product_tag-japan","27":"product_tag-japon","28":"product_tag-kesengawa","29":"product_tag-landscape","30":"product_tag-leaf","31":"product_tag-light-motiv","32":"product_tag-living-being","33":"product_tag-livre","34":"product_tag-mer","35":"product_tag-mort","36":"product_tag-naoya-hatakeyama","37":"product_tag-nature","38":"product_tag-ocean","39":"product_tag-paysage","40":"product_tag-people","41":"product_tag-perte","42":"product_tag-photobook","43":"product_tag-photographie","44":"product_tag-photography","45":"product_tag-rebirth","46":"product_tag-reconstruction","47":"product_tag-renaissance","48":"product_tag-resilience","49":"product_tag-rikuzentakata","50":"product_tag-seawall","51":"product_tag-shore","52":"product_tag-terre","53":"product_tag-trees","54":"product_tag-tsunami","55":"product_tag-tsunami-trees","56":"product_tag-vague","57":"product_tag-vegetal","58":"product_tag-vivant","60":"first","61":"instock","62":"shipping-taxable","63":"purchasable","64":"product-type-simple"},"_links":{"self":[{"href":"https:\/\/editionslightmotiv.com\/en\/wp-json\/wp\/v2\/product\/5090","targetHints":{"allow":["GET"]}}],"collection":[{"href":"https:\/\/editionslightmotiv.com\/en\/wp-json\/wp\/v2\/product"}],"about":[{"href":"https:\/\/editionslightmotiv.com\/en\/wp-json\/wp\/v2\/types\/product"}],"wp:featuredmedia":[{"embeddable":true,"href":"https:\/\/editionslightmotiv.com\/en\/wp-json\/wp\/v2\/media\/5091"}],"wp:attachment":[{"href":"https:\/\/editionslightmotiv.com\/en\/wp-json\/wp\/v2\/media?parent=5090"}],"wp:term":[{"taxonomy":"product_brand","embeddable":true,"href":"https:\/\/editionslightmotiv.com\/en\/wp-json\/wp\/v2\/product_brand?post=5090"},{"taxonomy":"product_cat","embeddable":true,"href":"https:\/\/editionslightmotiv.com\/en\/wp-json\/wp\/v2\/product_cat?post=5090"},{"taxonomy":"product_tag","embeddable":true,"href":"https:\/\/editionslightmotiv.com\/en\/wp-json\/wp\/v2\/product_tag?post=5090"}],"curies":[{"name":"wp","href":"https:\/\/api.w.org\/{rel}","templated":true}]}}

<div class="page" title="Page 1">
<div class="layoutArea">
<div class="column">
<div class="page" title="Page 1">
<div class="layoutArea">
<div class="column">
<h2><em><strong>TSUNAMI TREES<br />
Naoya Hatakeyama</strong></em></h2>
<p class="p1">Quinze ans après la vague du <strong>tsunami du 11 mars 2011</strong> qui a touché les côtes du <strong>Nord-Est du Japon</strong>, les répercussions sont encore prégnantes, dans les paysages, les pensées de chacun.e, la nature même. Après la publication des livres <a href="https://editionslightmotiv.com/en/product/kesengawa-naoya-hatakeyama/"><strong><em>Kesengawa</em></strong></a> (2012) et <em><a href="https://editionslightmotiv.com/en/product/rikuzentakata-naoya-hatakeyama/"><strong>Rikuzentakata</strong></a></em> (2015) consacrés aux conséquences plus directes, humaines et matérielles du tsunami, <a href="https://editionslightmotiv.com/en/auteurs-photographes/naoya_hatakeyama/"><strong>Naoya Hatakeyama</strong></a> s’est intéressé au sort des <strong>arbres</strong> au fur et à mesure de la reconstruction de la région côtière. Il constate la <strong>métamorphose des paysages</strong>, inévitable du fait du réaménagement et du retour des activités humaines.</p>
<p class="p1">Aux détours de ses marches du Sud vers le Nord, il repère un arbre encore debout, balafré d’une grande entaille, comme coupé en deux entre une moitié recouverte de feuilles et une autre, nue et sans vie. C’est là que le projet <strong><em>Tsunami Trees</em> </strong>prend racine.</p>
<p class="p1 translation-block">Swept away by the wave, a large number of trees were completely destroyed and litter the land like the remains of a vanished world. Others gradually dried up, affected by the salt water, while some were cut down and used for reconstruction. Finally, there are <strong>those that remained between life and death</strong>, half-growing back. Naoya Hatakeyama experiences this valiant recovery in the changing light and passing seasons, a perpetual cycle whose beauty the photographer simply reveals.</p>
<p class="p1 translation-block">His text (available in english also) at the end of the book sheds light on his approach which bears witness to the structural transformations of a landscape after devastation. He connects <strong>our place as humans in a world of “transformed nature”</strong>, which we shape with roads, dykes and buildings, disconnecting ourselves from the enduring yet ephemeral dynamics of nature. A world that can be wiped out in an instant by the relentless power of a wave. But one that also knows how to readjust after chaos and destruction, and <strong>which is gradually reborn</strong>.</p>
<p class="p1 translation-block">This work is published with the support of the <a href="https://www.ffjs.org/? lang=en" target="_blank" rel="noopener">Sasakawa French-Japanese Foundation</a> and the support of the translation and publication programme of the <a href="https://www.jpf.go.jp/e/" target="_blank" rel="noopener">Japan Foundation</a>.</p>
<p>&nbsp;</p>
<p><img loading="lazy" decoding="async" class="alignnone  wp-image-5380" src="https://editionslightmotiv.com/wp-content/uploads/2026/01/logo_FFJS_Sasakawa-1400x676.jpg" alt="" width="161" height="78" srcset="https://editionslightmotiv.com/wp-content/uploads/2026/01/logo_FFJS_Sasakawa-1400x676.jpg 1400w, https://editionslightmotiv.com/wp-content/uploads/2026/01/logo_FFJS_Sasakawa-280x135.jpg 280w, https://editionslightmotiv.com/wp-content/uploads/2026/01/logo_FFJS_Sasakawa-768x371.jpg 768w, https://editionslightmotiv.com/wp-content/uploads/2026/01/logo_FFJS_Sasakawa-1536x741.jpg 1536w, https://editionslightmotiv.com/wp-content/uploads/2026/01/logo_FFJS_Sasakawa-18x9.jpg 18w, https://editionslightmotiv.com/wp-content/uploads/2026/01/logo_FFJS_Sasakawa-900x434.jpg 900w, https://editionslightmotiv.com/wp-content/uploads/2026/01/logo_FFJS_Sasakawa.jpg 1606w" sizes="auto, (max-width: 161px) 100vw, 161px" />   <img loading="lazy" decoding="async" class="alignnone  wp-image-5381" src="https://editionslightmotiv.com/wp-content/uploads/2026/01/logo_JapanFoundation.png" alt="" width="175" height="79" srcset="https://editionslightmotiv.com/wp-content/uploads/2026/01/logo_JapanFoundation.png 364w, https://editionslightmotiv.com/wp-content/uploads/2026/01/logo_JapanFoundation-280x126.png 280w, https://editionslightmotiv.com/wp-content/uploads/2026/01/logo_JapanFoundation-18x8.png 18w" sizes="auto, (max-width: 175px) 100vw, 175px" /></p>
</div>
</div>
</div>
</div>
</div>
<div class="column"></div>
<div class="layoutArea">
<div class="column">
<div class="page" title="Page 1">
<div class="layoutArea">
<div class="column">
<hr />
<h3><strong>Technical features</strong></h3>
<div class="column">
<ul style="list-style-type: disc;">
<li style="list-style-type: none;">
<ul style="list-style-type: disc;">
<li><span style="font-size: 80%;">Release date : 20 February 2026</span></li>
<li><span style="font-size: 80%;">Photographs, foreword and text (in french and english) : Naoya Hatakeyama</span></li>
<li><span style="font-size: 80%;">French translation from Japanese : Corinne Quentin</span></li>
<li><span style="font-size: 80%;">English translation from Japanese : Key Benger</span></li>
<li><span style="font-family: helvetica, arial, sans-serif; font-size: 80%;">First edition published in Japan by Shogakukan</span></li>
<li><span style="font-family: helvetica, arial, sans-serif; font-size: 80%;">Graphic design : Milky Isobe (Studio Parabolica)</span></li>
<li><span style="font-size: 80%;">Texts design : Hayashi Chiho, Abe Harumi (Studio Parabolica)</span></li>
<li><span style="font-size: 80%;">Printer coordinator : Toda Shigeo</span></li>
<li><span style="font-size: 80%;">Map : Heibonsha Cartographic Publishing</span></li>
<li><span style="font-size: 80%;">Publishing coordination in France : Light Motiv (Eric Le Brun with Laurène Becquart)</span></li>
<li><span style="font-size: 80%;">Graphic adaptation and French cover conception : Jérôme Grimbert (Les produits de l'épicerie)</span></li>
<li><span style="font-size: 80%;">Papiers : Arctic Volume White 150 g, Gardapat Klassica 135 g, Materica Kraft 120 g</span></li>
<li><span style="font-size: 80%;">Book format : 25 x 30 cm </span></li>
<li><span style="font-size: 80%;">144 pages - 52 photographs</span></li>
<li><span style="font-size: 80%;">Print run of 1000 copies</span></li>
<li><span style="font-size: 80%;"><span style="font-size: 80%;">ISBN : </span>9791095118312</span></li>
<li><span style="font-size: 80%;">Public price : 45 €</span></li>
</ul>
</li>
</ul>
</div>
</div>
</div>
</div>
</div>
<div class="column">
<div class="page" title="Page 1">
<div class="layoutArea">
<div class="column">
<div class="column">
<hr />
<h3><strong>Press and booksellers' comments</strong></h3>
</div>
<p class="translation-block"><strong>You can view or upload the <a href="https://drive.google.com/drive/u/0/folders/1fw4u_lIGCP1SFaOlSAv-YYElYGaEOaI7" target="_blank" rel="noopener">press kit</a> (visuals, cover, book layout in PDF et press release).</strong></p>
<hr />
</div>
<h3 style="text-align: left;"><strong>Current events</strong></h3>
<p>A VENIR</p>
</div>
</div>
</div>
</div>
</div>
