{"id":3077,"date":"2022-03-01T11:38:29","date_gmt":"2022-03-01T10:38:29","guid":{"rendered":"https:\/\/editionslightmotiv.com\/?post_type=product&#038;p=3077"},"modified":"2024-08-12T17:47:23","modified_gmt":"2024-08-12T15:47:23","slug":"wuhan-radiograghy-avec-tirage","status":"publish","type":"product","link":"https:\/\/editionslightmotiv.com\/en\/product\/wuhan-radiograghy-avec-tirage\/","title":{"rendered":"WUHAN RADIOGRAPHY avec tirage"},"content":{"rendered":"<h2 style=\"text-align: left;\"><strong><em>WUHAN RADIOGRAPHY\u00a0<\/em><\/strong><br \/>\n<strong><em>Simon Vansteenwinckel et Johan Grzelczyk\u00a0<\/em><\/strong><\/h2>\n<p class=\"translation-block\"><strong><em>Wuhan Radiography<\/strong><\/em> is a surprising work on a series of black and white analog images taken by Belgian photographer <strong>Simon Vansteenwinckel<\/strong>.\n<p> <\/p>\nThe first pages cast some doubt... The book's images seem real, yet ghostly. They are beautiful, too exposed, sometimes irradiated. It seems that he used a particular film. A filter or an ultrasensitive film ?\n<strong><em>Wuhan Radiography<\/strong><\/em> is a surprising work on a series of black and white analog images taken by Belgian photographer <strong>Simon Vansteenwinckel<\/strong>.\n<p> <\/p>\nThe first pages cast some doubt... The book's images seem real, yet ghostly. They are beautiful, too exposed, sometimes irradiated. It seems that he used a particular film. A filter or an ultrasensitive film ?\n<p> <\/p>\nScenes of life, places and urban characters look mysterious, as if captured between two universes, frozen between day and night. Here and there, a luminous halo hovers above the city, like an observing star. Through his enigmatic modus operandi, the photographer creates a disturbing dismantling of our preconceptions. We no longer know where we are. The city is indeed Wuhan, now famous worldwide. But was it before or after the pandemic? When did the photographer get lost? Has he ever been there?\n<p> <\/p>\nThe text of French philosopher and poet <strong>Johan Grzelczyk<\/strong> which accompanies the images makes us slip into the artificial and gleaming night. His words seem to glide on, break off, hide under the shadows by questioning our way of inhabiting a drifting world. Such dystopian atmosphere ponders overs our freedom of movement on a land where distance no longer exists, shortened by technology, where fog already seizes forgotten landscapes.\n<p> <\/p>\nLike an echo of <strong><em>\"La Jet\u00e9e\"<\/strong><\/em> by <strong>Chris Marker<\/strong>, the book brings us to discover a distant, strangely familiar city, which holds its breath under the threat of an immense sun. It echoes our resistance, our ability to reinvent ourselves, to find new ways of living in the city.<\/p>\n<p><strong><em>Have a look at Wuhan Radiography's teaser:<\/em><\/strong><\/p>\n<p><iframe loading=\"lazy\" src=\"\/\/www.youtube.com\/embed\/T-PhZxgrdvc\" width=\"560\" height=\"314\" allowfullscreen=\"allowfullscreen\"><\/iframe><\/p>\n<hr \/>\n<h3><strong>Technical features<\/strong><\/h3>\n<ul style=\"list-style-type: disc;\">\n<li class=\"p1\"><span style=\"font-size: 90%;\">Release date: 7 April 2023<\/span><\/li>\n<li class=\"p1 translation-block\"><span style=\"font-size: 90%\"><span class=\"s1\">Photographs :\u00a0<\/span>Simon Vansteenwinckel<\/span><\/li>\n<li class=\"p1 translation-block\"><span style=\"font-size: 90%\"><span class=\"s1\">Text :\u00a0<\/span>Johan Grzelczyk<\/span><\/li>\n<li class=\"p1 translation-block\"><span style=\"font-size: 90%\"><span class=\"s1\">English translation: <\/span>Harriet Thurgood<\/span><\/li>\n<li class=\"p1 translation-block\"><span style=\"font-size: 90%\"><span class=\"s1\">Mandarin Chinese translation: <\/span>Wei-Yang Lee<\/span><\/li>\n<li class=\"p1\"><span style=\"font-size: 90%;\">Book format: 21 x 31 cm \/ Weight: 0,600 kg<\/span><\/li>\n<li class=\"p1 translation-block\"><span style=\"font-size: 90%\">100 pages<span class=\"Apple-converted-space\">\u00a0\u00a0<\/span>\u2013 52 photographs (black and white)<\/span><\/li>\n<li class=\"p1\"><span style=\"font-size: 90%;\">Trilingual edition: french, english, mandarin chinese<\/span><\/li>\n<li class=\"p1\"><span style=\"font-size: 90%;\">Printed rhodo\u00efd plastic dust jacket \u2013 Visible sewn binding with blue thread<\/span><\/li>\n<li class=\"p1\"><span style=\"font-size: 90%;\">Photographs (88 pages) printed on Munken Print White 115gr paper + 4 pages for the maps on Fedrigoni Sirio Black 115gr paper<\/span><\/li>\n<li class=\"p1\"><span style=\"font-size: 90%;\">Text printed in an 8-page A5 notebook on Munken Print White 115gr paper<\/span><\/li>\n<li class=\"p1\"><span style=\"font-size: 90%;\">ISBN: 9791095118213<\/span><\/li>\n<li class=\"p1\"><strong><span style=\"font-size: 90%;\">Public price: 36 \u20ac<\/span><\/strong><\/li>\n<\/ul>\n<hr \/>\n<h3><em><strong>Tirage de t\u00eate limit\u00e9 Wuhan Radiography\u00a0<\/strong><\/em><\/h3>\n<p>Tirage limit\u00e9 au choix, num\u00e9rot\u00e9, sign\u00e9 par le photographe<br \/>\n5 mod\u00e8les (voir les visuels sur le produit)<br \/>\n10 exemplaires par mod\u00e8le sur papier Hahnem\u00fchle Baryta 310 gr cadr\u00e9 dans un format 20 x 30 cm<\/p>\n<p><strong>Prix livre avec tirage : 150 euros\u00a0<\/strong><\/p>\n<hr \/>\n<h3><strong>Awards<\/strong><\/h3>\n<ul>\n<li><span style=\"font-size: 90%;\">Shortlisted for the Author's Book Prize of the Rencontres Photographiques d'Arles (July 2022).<\/span><\/li>\n<li><span style=\"font-size: 90%;\">Finalist for the Nadar Prize \u2013 Gens d\u2019Images (October 2022)<\/span><\/li>\n<\/ul>\n<hr \/>\n<h3><strong>Exhibitions and events<\/strong><\/h3>\n<ul>\n<li class=\"translation-block\"><span style=\"color: #777777\"><strong>from March 24 to June 26, 2022:<\/strong> photographic exhibition <em>WUHAN RADIOGRAPHY<\/em> organized by the foundation <a href=\"https:\/\/ ruins.fr\/\" target=\"_blank\" rel=\"noopener\">RUINS<\/a>, in partnership with Light Motiv, at La Maison Demeure (59100 Roubaix)<\/span><\/li>\n<li class=\"translation-block\"><span style=\"color: #777777\"><strong>from June 4 to September 18, 2022:<\/strong> photographic exhibition at Charleroi Museum of Photography (6032 Charleroi)<\/span><\/li>\n<\/ul>\n<hr \/>\n<h3><strong>Press and booksellers' comments<\/strong><\/h3>\n<p class=\"translation-block\"><span style=\"font-size: 90%\">Click here to access <a href=\"https:\/\/drive.google.com\/drive\/folders\/1XosPFPR4laPnMhNO3qSZYRr8A1MGH51Z?usp=drive_link\" target=\"_blank\" rel=\"noopener\">press kit<\/a>.<\/span><\/p>\n<blockquote><p><span style=\"font-size: 80%;\">\u00ab How much do we will to believe? Do we have to wait for everything to change or have we finally already crossed the border of a bygone existence? Only one certainty remains to this day: our condemnation to live constantly in doubt. And it is not this book that will get us out of our persistent torpor. Even worse: Wuhan Radiography traps us by confining us in an inextricable in-between. Here, everything is radiantly irradiated, from the floor to the glass ceiling, from the blinding skies to the surface of a troubled earth. \u00bb<\/span><\/p><\/blockquote>\n<p style=\"text-align: right;\" class=\"translation-block\"><strong><span style=\"font-size: 80%\"><a href=\"https:\/\/www.competencephoto.com\/Competence-Photo-Numero-93-Les-secrets-du-cadrage-Affinity-Photo-2-Automatisez-vos-taches-avec-Photoshop-et-Lightroom_a3476.html\" target=\"_blank\" rel=\"noopener\">Comp\u00e9tence Photo<\/a> (January \/ February 2023)<\/span><\/strong><\/p>\n<p><img loading=\"lazy\" decoding=\"async\" class=\"alignnone wp-image-3749 size-large\" src=\"https:\/\/editionslightmotiv.com\/wp-content\/uploads\/2023\/07\/WuhanRad_CompetencePhoto_FINAL-541x800.jpg\" alt=\"article sur Wuhan Radiography dans Comp\u00e9tence Photo (janvier \/ f\u00e9vrier 2023)\" width=\"541\" height=\"800\" \/><\/p>\n<blockquote>\n<p class=\"p1\"><span style=\"font-size: 80%;\">\u00ab During the lockdown in 2020, Belgian photographer Simon Vansteenwinckel began a journey to the other side of the planet from his living room. Thanks to Google Maps, he explored the city of Wuhan and used his camera in front of his screen. <\/span><\/p>\n<p class=\"p1\"><span style=\"font-size: 80%;\">The result is disturbing, it is hard to believe that some images are the result of Google's automatic captures. The negatives used are not chosen at random, they are actual films previously used for medical X-rays\u2026those that allow the diagnosis of respiratory diseases. This helps to give a mysterious and incredibly successful effect! \u00bb<\/span><\/p>\n<\/blockquote>\n<p style=\"text-align: right;\" class=\"translation-block\"><span style=\"font-size: 80%\"><strong>Ericka Weidmann in <a href=\"https:\/\/www.reponsesphoto.fr\/votre-magazine\/reponses-photo-349-special-noir-blanc-40044.html#item=1\" target=\"_blank\" rel=\"noopener\">R\u00e9ponses Photo<\/a> (n\u00b0349)<\/strong><\/span><\/p>\n<p><img loading=\"lazy\" decoding=\"async\" class=\"alignnone wp-image-3750 size-large\" src=\"https:\/\/editionslightmotiv.com\/wp-content\/uploads\/2023\/07\/Capture-decran-2022-04-15-a-14.55.27-488x800.png\" alt=\"Article sur Wuhan Radiography dans R\u00e9ponses Photo n\u00b0349\" width=\"488\" height=\"800\" \/><\/p>","protected":false},"excerpt":{"rendered":"<p>WUHAN RADIOGRAPHY\u00a0 Simon Vansteenwinckel et Johan Grzelczyk\u00a0 Wuhan Radiography est un ouvrage surprenant sur une s\u00e9rie d\u2019images argentiques en noir et blanc prises par le photographe belge Simon Vansteenwinckel. D\u00e8s les premi\u00e8res pages, le doute plane\u2026 Les images paraissent r\u00e9elles, et pourtant fantomatiques. Elles sont belles, trop expos\u00e9es, irradi\u00e9es quelquefois. Il semble que le photographe<\/p>","protected":false},"featured_media":3200,"template":"","meta":[],"product_brand":[],"product_cat":[144],"product_tag":[803,804,813,276,777,811,806,791,812,195,799,197,800,742,160,205,273,797,274,814,792,275,798,796],"class_list":{"0":"post-3077","1":"product","2":"type-product","3":"status-publish","4":"has-post-thumbnail","6":"product_cat-livre-avec-tirage","7":"product_tag-analog","8":"product_tag-analog-photography","9":"product_tag-book","10":"product_tag-city","11":"product_tag-film-photography","12":"product_tag-film-washi-f","13":"product_tag-johan-grzelczyk","14":"product_tag-limited-print","15":"product_tag-livre","16":"product_tag-livre-photographique","17":"product_tag-noir-et-blanc","18":"product_tag-photobook","19":"product_tag-photographie-argentique","20":"product_tag-photographie-noir-et-blanc","21":"product_tag-poesie","22":"product_tag-poetry","23":"product_tag-print","24":"product_tag-simon-vansteenwinckel","25":"product_tag-tirage","26":"product_tag-tirage-de-tete","27":"product_tag-tirage-limite","28":"product_tag-ville","29":"product_tag-wuhan","30":"product_tag-wuhan-radiography","32":"first","33":"instock","34":"shipping-taxable","35":"purchasable","36":"product-type-variable","37":"has-default-attributes"},"_links":{"self":[{"href":"https:\/\/editionslightmotiv.com\/en\/wp-json\/wp\/v2\/product\/3077","targetHints":{"allow":["GET"]}}],"collection":[{"href":"https:\/\/editionslightmotiv.com\/en\/wp-json\/wp\/v2\/product"}],"about":[{"href":"https:\/\/editionslightmotiv.com\/en\/wp-json\/wp\/v2\/types\/product"}],"wp:featuredmedia":[{"embeddable":true,"href":"https:\/\/editionslightmotiv.com\/en\/wp-json\/wp\/v2\/media\/3200"}],"wp:attachment":[{"href":"https:\/\/editionslightmotiv.com\/en\/wp-json\/wp\/v2\/media?parent=3077"}],"wp:term":[{"taxonomy":"product_brand","embeddable":true,"href":"https:\/\/editionslightmotiv.com\/en\/wp-json\/wp\/v2\/product_brand?post=3077"},{"taxonomy":"product_cat","embeddable":true,"href":"https:\/\/editionslightmotiv.com\/en\/wp-json\/wp\/v2\/product_cat?post=3077"},{"taxonomy":"product_tag","embeddable":true,"href":"https:\/\/editionslightmotiv.com\/en\/wp-json\/wp\/v2\/product_tag?post=3077"}],"curies":[{"name":"wp","href":"https:\/\/api.w.org\/{rel}","templated":true}]}}

<h2 style="text-align: left;"><strong><em>WUHAN RADIOGRAPHY </em></strong><br />
<strong><em>Simon Vansteenwinckel et Johan Grzelczyk </em></strong></h2>
<p class="translation-block"><strong><em>Wuhan Radiography</strong></em> is a surprising work on a series of black and white analog images taken by Belgian photographer <strong>Simon Vansteenwinckel</strong>.
<p> </p>
The first pages cast some doubt... The book's images seem real, yet ghostly. They are beautiful, too exposed, sometimes irradiated. It seems that he used a particular film. A filter or an ultrasensitive film ?
<strong><em>Wuhan Radiography</strong></em> is a surprising work on a series of black and white analog images taken by Belgian photographer <strong>Simon Vansteenwinckel</strong>.
<p> </p>
The first pages cast some doubt... The book's images seem real, yet ghostly. They are beautiful, too exposed, sometimes irradiated. It seems that he used a particular film. A filter or an ultrasensitive film ?
<p> </p>
Scenes of life, places and urban characters look mysterious, as if captured between two universes, frozen between day and night. Here and there, a luminous halo hovers above the city, like an observing star. Through his enigmatic modus operandi, the photographer creates a disturbing dismantling of our preconceptions. We no longer know where we are. The city is indeed Wuhan, now famous worldwide. But was it before or after the pandemic? When did the photographer get lost? Has he ever been there?
<p> </p>
The text of French philosopher and poet <strong>Johan Grzelczyk</strong> which accompanies the images makes us slip into the artificial and gleaming night. His words seem to glide on, break off, hide under the shadows by questioning our way of inhabiting a drifting world. Such dystopian atmosphere ponders overs our freedom of movement on a land where distance no longer exists, shortened by technology, where fog already seizes forgotten landscapes.
<p> </p>
Like an echo of <strong><em>"La Jetée"</strong></em> by <strong>Chris Marker</strong>, the book brings us to discover a distant, strangely familiar city, which holds its breath under the threat of an immense sun. It echoes our resistance, our ability to reinvent ourselves, to find new ways of living in the city.</p>
<p><strong><em>Have a look at Wuhan Radiography's teaser:</em></strong></p>
<p><iframe loading="lazy" src="//www.youtube.com/embed/T-PhZxgrdvc" width="560" height="314" allowfullscreen="allowfullscreen"></iframe></p>
<hr />
<h3><strong>Technical features</strong></h3>
<ul style="list-style-type: disc;">
<li class="p1"><span style="font-size: 90%;">Release date: 7 April 2023</span></li>
<li class="p1 translation-block"><span style="font-size: 90%"><span class="s1">Photographs : </span>Simon Vansteenwinckel</span></li>
<li class="p1 translation-block"><span style="font-size: 90%"><span class="s1">Text : </span>Johan Grzelczyk</span></li>
<li class="p1 translation-block"><span style="font-size: 90%"><span class="s1">English translation: </span>Harriet Thurgood</span></li>
<li class="p1 translation-block"><span style="font-size: 90%"><span class="s1">Mandarin Chinese translation: </span>Wei-Yang Lee</span></li>
<li class="p1"><span style="font-size: 90%;">Book format: 21 x 31 cm / Weight: 0,600 kg</span></li>
<li class="p1 translation-block"><span style="font-size: 90%">100 pages<span class="Apple-converted-space">  </span>– 52 photographs (black and white)</span></li>
<li class="p1"><span style="font-size: 90%;">Trilingual edition: french, english, mandarin chinese</span></li>
<li class="p1"><span style="font-size: 90%;">Printed rhodoïd plastic dust jacket – Visible sewn binding with blue thread</span></li>
<li class="p1"><span style="font-size: 90%;">Photographs (88 pages) printed on Munken Print White 115gr paper + 4 pages for the maps on Fedrigoni Sirio Black 115gr paper</span></li>
<li class="p1"><span style="font-size: 90%;">Text printed in an 8-page A5 notebook on Munken Print White 115gr paper</span></li>
<li class="p1"><span style="font-size: 90%;">ISBN: 9791095118213</span></li>
<li class="p1"><strong><span style="font-size: 90%;">Public price: 36 €</span></strong></li>
</ul>
<hr />
<h3><em><strong>Tirage de tête limité Wuhan Radiography </strong></em></h3>
<p>Tirage limité au choix, numéroté, signé par le photographe<br />
5 modèles (voir les visuels sur le produit)<br />
10 exemplaires par modèle sur papier Hahnemühle Baryta 310 gr cadré dans un format 20 x 30 cm</p>
<p><strong>Prix livre avec tirage : 150 euros </strong></p>
<hr />
<h3><strong>Awards</strong></h3>
<ul>
<li><span style="font-size: 90%;">Shortlisted for the Author's Book Prize of the Rencontres Photographiques d'Arles (July 2022).</span></li>
<li><span style="font-size: 90%;">Finalist for the Nadar Prize – Gens d’Images (October 2022)</span></li>
</ul>
<hr />
<h3><strong>Exhibitions and events</strong></h3>
<ul>
<li class="translation-block"><span style="color: #777777"><strong>from March 24 to June 26, 2022:</strong> photographic exhibition <em>WUHAN RADIOGRAPHY</em> organized by the foundation <a href="https:// ruins.fr/" target="_blank" rel="noopener">RUINS</a>, in partnership with Light Motiv, at La Maison Demeure (59100 Roubaix)</span></li>
<li class="translation-block"><span style="color: #777777"><strong>from June 4 to September 18, 2022:</strong> photographic exhibition at Charleroi Museum of Photography (6032 Charleroi)</span></li>
</ul>
<hr />
<h3><strong>Press and booksellers' comments</strong></h3>
<p class="translation-block"><span style="font-size: 90%">Click here to access <a href="https://drive.google.com/drive/folders/1XosPFPR4laPnMhNO3qSZYRr8A1MGH51Z?usp=drive_link" target="_blank" rel="noopener">press kit</a>.</span></p>
<blockquote><p><span style="font-size: 80%;">« How much do we will to believe? Do we have to wait for everything to change or have we finally already crossed the border of a bygone existence? Only one certainty remains to this day: our condemnation to live constantly in doubt. And it is not this book that will get us out of our persistent torpor. Even worse: Wuhan Radiography traps us by confining us in an inextricable in-between. Here, everything is radiantly irradiated, from the floor to the glass ceiling, from the blinding skies to the surface of a troubled earth. »</span></p></blockquote>
<p style="text-align: right;" class="translation-block"><strong><span style="font-size: 80%"><a href="https://www.competencephoto.com/Competence-Photo-Numero-93-Les-secrets-du-cadrage-Affinity-Photo-2-Automatisez-vos-taches-avec-Photoshop-et-Lightroom_a3476.html" target="_blank" rel="noopener">Compétence Photo</a> (January / February 2023)</span></strong></p>
<p><img loading="lazy" decoding="async" class="alignnone wp-image-3749 size-large" src="https://editionslightmotiv.com/wp-content/uploads/2023/07/WuhanRad_CompetencePhoto_FINAL-541x800.jpg" alt="article sur Wuhan Radiography dans Compétence Photo (janvier / février 2023)" width="541" height="800" /></p>
<blockquote>
<p class="p1"><span style="font-size: 80%;">« During the lockdown in 2020, Belgian photographer Simon Vansteenwinckel began a journey to the other side of the planet from his living room. Thanks to Google Maps, he explored the city of Wuhan and used his camera in front of his screen. </span></p>
<p class="p1"><span style="font-size: 80%;">The result is disturbing, it is hard to believe that some images are the result of Google's automatic captures. The negatives used are not chosen at random, they are actual films previously used for medical X-rays…those that allow the diagnosis of respiratory diseases. This helps to give a mysterious and incredibly successful effect! »</span></p>
</blockquote>
<p style="text-align: right;" class="translation-block"><span style="font-size: 80%"><strong>Ericka Weidmann in <a href="https://www.reponsesphoto.fr/votre-magazine/reponses-photo-349-special-noir-blanc-40044.html#item=1" target="_blank" rel="noopener">Réponses Photo</a> (n°349)</strong></span></p>
<p><img loading="lazy" decoding="async" class="alignnone wp-image-3750 size-large" src="https://editionslightmotiv.com/wp-content/uploads/2023/07/Capture-decran-2022-04-15-a-14.55.27-488x800.png" alt="Article sur Wuhan Radiography dans Réponses Photo n°349" width="488" height="800" /></p>

<p>WUHAN RADIOGRAPHY  Simon Vansteenwinckel et Johan Grzelczyk  Wuhan Radiography est un ouvrage surprenant sur une série d’images argentiques en noir et blanc prises par le photographe belge Simon Vansteenwinckel. Dès les premières pages, le doute plane… Les images paraissent réelles, et pourtant fantomatiques. Elles sont belles, trop exposées, irradiées quelquefois. Il semble que le photographe</p>
