{"id":728,"date":"2018-08-08T09:58:38","date_gmt":"2018-08-08T09:58:38","guid":{"rendered":"http:\/\/editionslightmotiv.apps-1and1.net\/?page_id=728"},"modified":"2026-02-11T10:26:39","modified_gmt":"2026-02-11T09:26:39","slug":"jean_pierre_duplan","status":"publish","type":"page","link":"https:\/\/editionslightmotiv.com\/en\/auteurs-photographes\/jean_pierre_duplan\/","title":{"rendered":"Jean-Pierre Duplan"},"content":{"rendered":"<a href=\"https:\/\/editionslightmotiv.com\/en\/auteurs-photographes\/\" class=\"button primary is-link\" >\n\t\t<span>Back<\/span>\n\t<\/a>\n\n\n<p><img loading=\"lazy\" decoding=\"async\" class=\"size-medium wp-image-1508 aligncenter\" src=\"https:\/\/editionslightmotiv.com\/wp-content\/uploads\/2018\/10\/JeanPierre_NB-300x400.jpg\" alt=\"\" width=\"300\" height=\"400\" \/><\/p>\n<p style=\"text-align: center;\"><span style=\"color: #282828; font-size: 170%;\"><strong>Jean-Pierre Duplan<\/strong><\/span><\/p>\n<p style=\"text-align: center;\">Apr\u00e8s avoir exerc\u00e9 quelques ann\u00e9es dans le domaine de l\u2019illustration publicitaire, Jean-Pierre Duplan s\u2019est dirig\u00e9 vers la photographie d\u2019architecture par go\u00fbt personnel. Son parcours accompagne l&rsquo;histoire de Light Motiv depuis l\u2019origine notamment gr\u00e2ce \u00e0 sa participation \u00e0 de nombreux ouvrages au sein de la maison d&rsquo;\u00e9dition et l\u2019on retrouve aujourd\u2019hui ses travaux dans les principales publications d&rsquo;architecture.<\/p>\n<p style=\"text-align: center;\">Son site : http:\/\/www.jeanpierreduplan.com\/<\/p>\n<h2 style=\"text-align: center;\">Ses livres aux Editions Light Motiv<\/h2>\n\t\n  \n    <div class=\"row large-columns-6 medium-columns-3 small-columns-2 row-small slider row-slider slider-nav-simple slider-nav-push\"  data-flickity-options='{&quot;imagesLoaded&quot;: true, &quot;groupCells&quot;: &quot;100%&quot;, &quot;dragThreshold&quot; : 5, &quot;cellAlign&quot;: &quot;left&quot;,&quot;wrapAround&quot;: true,&quot;prevNextButtons&quot;: true,&quot;percentPosition&quot;: true,&quot;pageDots&quot;: false, &quot;rightToLeft&quot;: false, &quot;autoPlay&quot; : false}' >\n\n  \n\t     <div class=\"product-small col has-hover out-of-stock product type-product post-83 status-publish first outofstock product_cat-livre product_tag-arras product_tag-city product_tag-eric-le-brun product_tag-hauts-de-france product_tag-herve-leroy product_tag-jean-pierre-duplan product_tag-livre-photo product_tag-nord-livre-photographique product_tag-north product_tag-passages-en-ville product_tag-photobook product_tag-town product_tag-ville has-post-thumbnail shipping-taxable purchasable product-type-simple\">\n\t<div class=\"col-inner\">\n\t\n<div class=\"badge-container absolute left top z-1\">\n\n<\/div>\n\t<div class=\"product-small box\">\n\t\t<div class=\"box-image\">\n\t\t\t<div class=\"image-zoom-fade\">\n\t\t\t\t<a href=\"https:\/\/editionslightmotiv.com\/en\/product\/arras-la-memoire-envoutee\/\">\n\t\t\t\t\t<img loading=\"lazy\" decoding=\"async\" width=\"600\" height=\"720\" src=\"https:\/\/editionslightmotiv.com\/wp-content\/uploads\/2018\/08\/arras_site-600x720.jpg\" class=\"attachment-woocommerce_thumbnail size-woocommerce_thumbnail\" alt=\"ARRAS, la m\u00e9moire envo\u00fbt\u00e9e\" \/>\t\t\t\t<\/a>\n\t\t\t<\/div>\n\t\t\t<div class=\"image-tools is-small top right show-on-hover\">\n\t\t\t\t\t\t\t<\/div>\n\t\t\t<div class=\"image-tools is-small hide-for-small bottom left show-on-hover\">\n\t\t\t\t\t\t\t<\/div>\n\t\t\t<div class=\"image-tools grid-tools text-center hide-for-small bottom hover-slide-in show-on-hover\">\n\t\t\t\t<a href=\"https:\/\/editionslightmotiv.com\/en\/product\/arras-la-memoire-envoutee\/\" aria-describedby=\"woocommerce_loop_add_to_cart_link_describedby_83\" data-quantity=\"1\" class=\"add-to-cart-grid no-padding is-transparent product_type_simple\" data-product_id=\"83\" data-product_sku=\"\" aria-label=\"Read more about \u201cARRAS, la m\u00e9moire envo\u00fbt\u00e9e\u201d\" rel=\"nofollow\" data-success_message=\"\" data-no-translation-aria-label=\"\"><div class=\"cart-icon tooltip is-small\" title=\"Read more\" data-no-translation-title=\"\"><strong>+<\/strong><\/div><\/a>\t<span id=\"woocommerce_loop_add_to_cart_link_describedby_83\" class=\"screen-reader-text\">\n\t\t\t<\/span>\n<a href=\"#quick-view\" class=\"quick-view\" role=\"button\" data-prod=\"83\" aria-haspopup=\"dialog\" aria-expanded=\"false\" data-flatsome-role-button>Quick View<\/a>\t\t\t<\/div>\n\t\t\t<div class=\"out-of-stock-label\" data-no-translation=\"\" data-trp-gettext=\"\">OUT OF STOCK<\/div>\t\t<\/div>\n\n\t\t<div class=\"box-text box-text-products text-center grid-style-2\">\n\t\t\t<div class=\"title-wrapper\"><p class=\"name product-title woocommerce-loop-product__title\"><a href=\"https:\/\/editionslightmotiv.com\/en\/product\/arras-la-memoire-envoutee\/\" class=\"woocommerce-LoopProduct-link woocommerce-loop-product__link\">ARRAS, la m\u00e9moire envo\u00fbt\u00e9e<\/a><\/p><\/div><div class=\"price-wrapper\">\n\t<span class=\"price\"><span class=\"woocommerce-Price-amount amount\"><bdi>15,00<span class=\"woocommerce-Price-currencySymbol\">&euro;<\/span><\/bdi><\/span><\/span>\n<\/div>\t\t<\/div>\n\t<\/div>\n\t\t<\/div>\n<\/div><div class=\"product-small col has-hover out-of-stock product type-product post-82 status-publish outofstock product_cat-livre product_tag-city product_tag-delphine-lermite product_tag-eric-le-brun product_tag-hauts-de-france product_tag-herve-leroy product_tag-jean-pierre-duplan product_tag-livre-photo product_tag-livre-photographique product_tag-nord product_tag-north product_tag-passages-en-ville product_tag-photobook product_tag-saint-amand-les-eaux product_tag-town product_tag-ville has-post-thumbnail shipping-taxable purchasable product-type-simple\">\n\t<div class=\"col-inner\">\n\t\n<div class=\"badge-container absolute left top z-1\">\n\n<\/div>\n\t<div class=\"product-small box\">\n\t\t<div class=\"box-image\">\n\t\t\t<div class=\"image-zoom-fade\">\n\t\t\t\t<a href=\"https:\/\/editionslightmotiv.com\/en\/product\/saint-amand-les-eaux-lelan-des-reves\/\">\n\t\t\t\t\t<img loading=\"lazy\" decoding=\"async\" width=\"600\" height=\"720\" src=\"https:\/\/editionslightmotiv.com\/wp-content\/uploads\/2018\/08\/stamand_site-600x720.jpg\" class=\"attachment-woocommerce_thumbnail size-woocommerce_thumbnail\" alt=\"SAINT-AMAND, l&#039;\u00e9lan des r\u00eaves\" \/>\t\t\t\t<\/a>\n\t\t\t<\/div>\n\t\t\t<div class=\"image-tools is-small top right show-on-hover\">\n\t\t\t\t\t\t\t<\/div>\n\t\t\t<div class=\"image-tools is-small hide-for-small bottom left show-on-hover\">\n\t\t\t\t\t\t\t<\/div>\n\t\t\t<div class=\"image-tools grid-tools text-center hide-for-small bottom hover-slide-in show-on-hover\">\n\t\t\t\t<a href=\"https:\/\/editionslightmotiv.com\/en\/product\/saint-amand-les-eaux-lelan-des-reves\/\" aria-describedby=\"woocommerce_loop_add_to_cart_link_describedby_82\" data-quantity=\"1\" class=\"add-to-cart-grid no-padding is-transparent product_type_simple\" data-product_id=\"82\" data-product_sku=\"\" aria-label=\"Read more about \u201cSAINT-AMAND, l&#039;\u00e9lan des r\u00eaves\u201d\" rel=\"nofollow\" data-success_message=\"\" data-no-translation-aria-label=\"\"><div class=\"cart-icon tooltip is-small\" title=\"Read more\" data-no-translation-title=\"\"><strong>+<\/strong><\/div><\/a>\t<span id=\"woocommerce_loop_add_to_cart_link_describedby_82\" class=\"screen-reader-text\">\n\t\t\t<\/span>\n<a href=\"#quick-view\" class=\"quick-view\" role=\"button\" data-prod=\"82\" aria-haspopup=\"dialog\" aria-expanded=\"false\" data-flatsome-role-button>Quick View<\/a>\t\t\t<\/div>\n\t\t\t<div class=\"out-of-stock-label\" data-no-translation=\"\" data-trp-gettext=\"\">OUT OF STOCK<\/div>\t\t<\/div>\n\n\t\t<div class=\"box-text box-text-products text-center grid-style-2\">\n\t\t\t<div class=\"title-wrapper\"><p class=\"name product-title woocommerce-loop-product__title\"><a href=\"https:\/\/editionslightmotiv.com\/en\/product\/saint-amand-les-eaux-lelan-des-reves\/\" class=\"woocommerce-LoopProduct-link woocommerce-loop-product__link\">SAINT-AMAND, l&rsquo;\u00e9lan des r\u00eaves<\/a><\/p><\/div><div class=\"price-wrapper\">\n\t<span class=\"price\"><span class=\"woocommerce-Price-amount amount\"><bdi>32,00<span class=\"woocommerce-Price-currencySymbol\">&euro;<\/span><\/bdi><\/span><\/span>\n<\/div>\t\t<\/div>\n\t<\/div>\n\t\t<\/div>\n<\/div><div class=\"product-small col has-hover out-of-stock product type-product post-84 status-publish outofstock product_cat-livre product_tag-city product_tag-eric-le-brun product_tag-hauts-de-france product_tag-herve-leroy product_tag-jean-pierre-duplan product_tag-livre-photo product_tag-livre-photographique product_tag-nord product_tag-north product_tag-passages-en-ville product_tag-photobook product_tag-roubaix product_tag-town product_tag-ville has-post-thumbnail shipping-taxable purchasable product-type-simple\">\n\t<div class=\"col-inner\">\n\t\n<div class=\"badge-container absolute left top z-1\">\n\n<\/div>\n\t<div class=\"product-small box\">\n\t\t<div class=\"box-image\">\n\t\t\t<div class=\"image-zoom-fade\">\n\t\t\t\t<a href=\"https:\/\/editionslightmotiv.com\/en\/product\/roubaix-limaginaire-en-actes\/\">\n\t\t\t\t\t<img loading=\"lazy\" decoding=\"async\" width=\"600\" height=\"720\" src=\"https:\/\/editionslightmotiv.com\/wp-content\/uploads\/2018\/08\/roubaix_site-600x720.jpg\" class=\"attachment-woocommerce_thumbnail size-woocommerce_thumbnail\" alt=\"ROUBAIX, l&#039;imaginaire en actes\" \/>\t\t\t\t<\/a>\n\t\t\t<\/div>\n\t\t\t<div class=\"image-tools is-small top right show-on-hover\">\n\t\t\t\t\t\t\t<\/div>\n\t\t\t<div class=\"image-tools is-small hide-for-small bottom left show-on-hover\">\n\t\t\t\t\t\t\t<\/div>\n\t\t\t<div class=\"image-tools grid-tools text-center hide-for-small bottom hover-slide-in show-on-hover\">\n\t\t\t\t<a href=\"https:\/\/editionslightmotiv.com\/en\/product\/roubaix-limaginaire-en-actes\/\" aria-describedby=\"woocommerce_loop_add_to_cart_link_describedby_84\" data-quantity=\"1\" class=\"add-to-cart-grid no-padding is-transparent product_type_simple\" data-product_id=\"84\" data-product_sku=\"\" aria-label=\"Read more about \u201cROUBAIX, l&#039;imaginaire en actes\u201d\" rel=\"nofollow\" data-success_message=\"\" data-no-translation-aria-label=\"\"><div class=\"cart-icon tooltip is-small\" title=\"Read more\" data-no-translation-title=\"\"><strong>+<\/strong><\/div><\/a>\t<span id=\"woocommerce_loop_add_to_cart_link_describedby_84\" class=\"screen-reader-text\">\n\t\t\t<\/span>\n<a href=\"#quick-view\" class=\"quick-view\" role=\"button\" data-prod=\"84\" aria-haspopup=\"dialog\" aria-expanded=\"false\" data-flatsome-role-button>Quick View<\/a>\t\t\t<\/div>\n\t\t\t<div class=\"out-of-stock-label\" data-no-translation=\"\" data-trp-gettext=\"\">OUT OF STOCK<\/div>\t\t<\/div>\n\n\t\t<div class=\"box-text box-text-products text-center grid-style-2\">\n\t\t\t<div class=\"title-wrapper\"><p class=\"name product-title woocommerce-loop-product__title\"><a href=\"https:\/\/editionslightmotiv.com\/en\/product\/roubaix-limaginaire-en-actes\/\" class=\"woocommerce-LoopProduct-link woocommerce-loop-product__link\">ROUBAIX, l&rsquo;imaginaire en actes<\/a><\/p><\/div><div class=\"price-wrapper\">\n\t<span class=\"price\"><span class=\"woocommerce-Price-amount amount\"><bdi>30,00<span class=\"woocommerce-Price-currencySymbol\">&euro;<\/span><\/bdi><\/span><\/span>\n<\/div>\t\t<\/div>\n\t<\/div>\n\t\t<\/div>\n<\/div><\/div>","protected":false},"excerpt":{"rendered":"","protected":false},"author":1,"featured_media":0,"parent":43,"menu_order":0,"comment_status":"closed","ping_status":"closed","template":"","meta":{"footnotes":""},"class_list":["post-728","page","type-page","status-publish","hentry"],"_links":{"self":[{"href":"https:\/\/editionslightmotiv.com\/en\/wp-json\/wp\/v2\/pages\/728","targetHints":{"allow":["GET"]}}],"collection":[{"href":"https:\/\/editionslightmotiv.com\/en\/wp-json\/wp\/v2\/pages"}],"about":[{"href":"https:\/\/editionslightmotiv.com\/en\/wp-json\/wp\/v2\/types\/page"}],"author":[{"embeddable":true,"href":"https:\/\/editionslightmotiv.com\/en\/wp-json\/wp\/v2\/users\/1"}],"replies":[{"embeddable":true,"href":"https:\/\/editionslightmotiv.com\/en\/wp-json\/wp\/v2\/comments?post=728"}],"version-history":[{"count":10,"href":"https:\/\/editionslightmotiv.com\/en\/wp-json\/wp\/v2\/pages\/728\/revisions"}],"predecessor-version":[{"id":5227,"href":"https:\/\/editionslightmotiv.com\/en\/wp-json\/wp\/v2\/pages\/728\/revisions\/5227"}],"up":[{"embeddable":true,"href":"https:\/\/editionslightmotiv.com\/en\/wp-json\/wp\/v2\/pages\/43"}],"wp:attachment":[{"href":"https:\/\/editionslightmotiv.com\/en\/wp-json\/wp\/v2\/media?parent=728"}],"curies":[{"name":"wp","href":"https:\/\/api.w.org\/{rel}","templated":true}]}}

<a href="https://editionslightmotiv.com/en/auteurs-photographes/" class="button primary is-link" >
		<span>Back</span>
	</a>


<p><img loading="lazy" decoding="async" class="size-medium wp-image-1508 aligncenter" src="https://editionslightmotiv.com/wp-content/uploads/2018/10/JeanPierre_NB-300x400.jpg" alt="" width="300" height="400" /></p>
<p style="text-align: center;"><span style="color: #282828; font-size: 170%;"><strong>Jean-Pierre Duplan</strong></span></p>
<p style="text-align: center;">Après avoir exercé quelques années dans le domaine de l’illustration publicitaire, Jean-Pierre Duplan s’est dirigé vers la photographie d’architecture par goût personnel. Son parcours accompagne l&rsquo;histoire de Light Motiv depuis l’origine notamment grâce à sa participation à de nombreux ouvrages au sein de la maison d&rsquo;édition et l’on retrouve aujourd’hui ses travaux dans les principales publications d&rsquo;architecture.</p>
<p style="text-align: center;">Son site : http://www.jeanpierreduplan.com/</p>
<h2 style="text-align: center;">Ses livres aux Editions Light Motiv</h2>
	
  
    <div class="row large-columns-6 medium-columns-3 small-columns-2 row-small slider row-slider slider-nav-simple slider-nav-push"  data-flickity-options='{&quot;imagesLoaded&quot;: true, &quot;groupCells&quot;: &quot;100%&quot;, &quot;dragThreshold&quot; : 5, &quot;cellAlign&quot;: &quot;left&quot;,&quot;wrapAround&quot;: true,&quot;prevNextButtons&quot;: true,&quot;percentPosition&quot;: true,&quot;pageDots&quot;: false, &quot;rightToLeft&quot;: false, &quot;autoPlay&quot; : false}' >

  
	     <div class="product-small col has-hover out-of-stock product type-product post-83 status-publish first outofstock product_cat-livre product_tag-arras product_tag-city product_tag-eric-le-brun product_tag-hauts-de-france product_tag-herve-leroy product_tag-jean-pierre-duplan product_tag-livre-photo product_tag-nord-livre-photographique product_tag-north product_tag-passages-en-ville product_tag-photobook product_tag-town product_tag-ville has-post-thumbnail shipping-taxable purchasable product-type-simple">
	<div class="col-inner">
	
<div class="badge-container absolute left top z-1">

</div>
	<div class="product-small box">
		<div class="box-image">
			<div class="image-zoom-fade">
				<a href="https://editionslightmotiv.com/en/product/arras-la-memoire-envoutee/">
					<img loading="lazy" decoding="async" width="600" height="720" src="https://editionslightmotiv.com/wp-content/uploads/2018/08/arras_site-600x720.jpg" class="attachment-woocommerce_thumbnail size-woocommerce_thumbnail" alt="ARRAS, la mémoire envoûtée" />				</a>
			</div>
			<div class="image-tools is-small top right show-on-hover">
							</div>
			<div class="image-tools is-small hide-for-small bottom left show-on-hover">
							</div>
			<div class="image-tools grid-tools text-center hide-for-small bottom hover-slide-in show-on-hover">
				<a href="https://editionslightmotiv.com/en/product/arras-la-memoire-envoutee/" aria-describedby="woocommerce_loop_add_to_cart_link_describedby_83" data-quantity="1" class="add-to-cart-grid no-padding is-transparent product_type_simple" data-product_id="83" data-product_sku="" aria-label="Read more about “ARRAS, la mémoire envoûtée”" rel="nofollow" data-success_message="" data-no-translation-aria-label=""><div class="cart-icon tooltip is-small" title="Read more" data-no-translation-title=""><strong>+</strong></div></a>	<span id="woocommerce_loop_add_to_cart_link_describedby_83" class="screen-reader-text">
			</span>
<a href="#quick-view" class="quick-view" role="button" data-prod="83" aria-haspopup="dialog" aria-expanded="false" data-flatsome-role-button>Quick View</a>			</div>
			<div class="out-of-stock-label" data-no-translation="" data-trp-gettext="">OUT OF STOCK</div>		</div>

		<div class="box-text box-text-products text-center grid-style-2">
			<div class="title-wrapper"><p class="name product-title woocommerce-loop-product__title"><a href="https://editionslightmotiv.com/en/product/arras-la-memoire-envoutee/" class="woocommerce-LoopProduct-link woocommerce-loop-product__link">ARRAS, la mémoire envoûtée</a></p></div><div class="price-wrapper">
	<span class="price"><span class="woocommerce-Price-amount amount"><bdi>15,00<span class="woocommerce-Price-currencySymbol">&euro;</span></bdi></span></span>
</div>		</div>
	</div>
		</div>
</div><div class="product-small col has-hover out-of-stock product type-product post-82 status-publish outofstock product_cat-livre product_tag-city product_tag-delphine-lermite product_tag-eric-le-brun product_tag-hauts-de-france product_tag-herve-leroy product_tag-jean-pierre-duplan product_tag-livre-photo product_tag-livre-photographique product_tag-nord product_tag-north product_tag-passages-en-ville product_tag-photobook product_tag-saint-amand-les-eaux product_tag-town product_tag-ville has-post-thumbnail shipping-taxable purchasable product-type-simple">
	<div class="col-inner">
	
<div class="badge-container absolute left top z-1">

</div>
	<div class="product-small box">
		<div class="box-image">
			<div class="image-zoom-fade">
				<a href="https://editionslightmotiv.com/en/product/saint-amand-les-eaux-lelan-des-reves/">
					<img loading="lazy" decoding="async" width="600" height="720" src="https://editionslightmotiv.com/wp-content/uploads/2018/08/stamand_site-600x720.jpg" class="attachment-woocommerce_thumbnail size-woocommerce_thumbnail" alt="SAINT-AMAND, l&#039;élan des rêves" />				</a>
			</div>
			<div class="image-tools is-small top right show-on-hover">
							</div>
			<div class="image-tools is-small hide-for-small bottom left show-on-hover">
							</div>
			<div class="image-tools grid-tools text-center hide-for-small bottom hover-slide-in show-on-hover">
				<a href="https://editionslightmotiv.com/en/product/saint-amand-les-eaux-lelan-des-reves/" aria-describedby="woocommerce_loop_add_to_cart_link_describedby_82" data-quantity="1" class="add-to-cart-grid no-padding is-transparent product_type_simple" data-product_id="82" data-product_sku="" aria-label="Read more about “SAINT-AMAND, l&#039;élan des rêves”" rel="nofollow" data-success_message="" data-no-translation-aria-label=""><div class="cart-icon tooltip is-small" title="Read more" data-no-translation-title=""><strong>+</strong></div></a>	<span id="woocommerce_loop_add_to_cart_link_describedby_82" class="screen-reader-text">
			</span>
<a href="#quick-view" class="quick-view" role="button" data-prod="82" aria-haspopup="dialog" aria-expanded="false" data-flatsome-role-button>Quick View</a>			</div>
			<div class="out-of-stock-label" data-no-translation="" data-trp-gettext="">OUT OF STOCK</div>		</div>

		<div class="box-text box-text-products text-center grid-style-2">
			<div class="title-wrapper"><p class="name product-title woocommerce-loop-product__title"><a href="https://editionslightmotiv.com/en/product/saint-amand-les-eaux-lelan-des-reves/" class="woocommerce-LoopProduct-link woocommerce-loop-product__link">SAINT-AMAND, l&rsquo;élan des rêves</a></p></div><div class="price-wrapper">
	<span class="price"><span class="woocommerce-Price-amount amount"><bdi>32,00<span class="woocommerce-Price-currencySymbol">&euro;</span></bdi></span></span>
</div>		</div>
	</div>
		</div>
</div><div class="product-small col has-hover out-of-stock product type-product post-84 status-publish outofstock product_cat-livre product_tag-city product_tag-eric-le-brun product_tag-hauts-de-france product_tag-herve-leroy product_tag-jean-pierre-duplan product_tag-livre-photo product_tag-livre-photographique product_tag-nord product_tag-north product_tag-passages-en-ville product_tag-photobook product_tag-roubaix product_tag-town product_tag-ville has-post-thumbnail shipping-taxable purchasable product-type-simple">
	<div class="col-inner">
	
<div class="badge-container absolute left top z-1">

</div>
	<div class="product-small box">
		<div class="box-image">
			<div class="image-zoom-fade">
				<a href="https://editionslightmotiv.com/en/product/roubaix-limaginaire-en-actes/">
					<img loading="lazy" decoding="async" width="600" height="720" src="https://editionslightmotiv.com/wp-content/uploads/2018/08/roubaix_site-600x720.jpg" class="attachment-woocommerce_thumbnail size-woocommerce_thumbnail" alt="ROUBAIX, l&#039;imaginaire en actes" />				</a>
			</div>
			<div class="image-tools is-small top right show-on-hover">
							</div>
			<div class="image-tools is-small hide-for-small bottom left show-on-hover">
							</div>
			<div class="image-tools grid-tools text-center hide-for-small bottom hover-slide-in show-on-hover">
				<a href="https://editionslightmotiv.com/en/product/roubaix-limaginaire-en-actes/" aria-describedby="woocommerce_loop_add_to_cart_link_describedby_84" data-quantity="1" class="add-to-cart-grid no-padding is-transparent product_type_simple" data-product_id="84" data-product_sku="" aria-label="Read more about “ROUBAIX, l&#039;imaginaire en actes”" rel="nofollow" data-success_message="" data-no-translation-aria-label=""><div class="cart-icon tooltip is-small" title="Read more" data-no-translation-title=""><strong>+</strong></div></a>	<span id="woocommerce_loop_add_to_cart_link_describedby_84" class="screen-reader-text">
			</span>
<a href="#quick-view" class="quick-view" role="button" data-prod="84" aria-haspopup="dialog" aria-expanded="false" data-flatsome-role-button>Quick View</a>			</div>
			<div class="out-of-stock-label" data-no-translation="" data-trp-gettext="">OUT OF STOCK</div>		</div>

		<div class="box-text box-text-products text-center grid-style-2">
			<div class="title-wrapper"><p class="name product-title woocommerce-loop-product__title"><a href="https://editionslightmotiv.com/en/product/roubaix-limaginaire-en-actes/" class="woocommerce-LoopProduct-link woocommerce-loop-product__link">ROUBAIX, l&rsquo;imaginaire en actes</a></p></div><div class="price-wrapper">
	<span class="price"><span class="woocommerce-Price-amount amount"><bdi>30,00<span class="woocommerce-Price-currencySymbol">&euro;</span></bdi></span></span>
</div>		</div>
	</div>
		</div>
</div></div>
