{"id":686,"date":"2018-08-08T08:26:49","date_gmt":"2018-08-08T08:26:49","guid":{"rendered":"http:\/\/editionslightmotiv.apps-1and1.net\/?page_id=686"},"modified":"2018-10-04T07:18:22","modified_gmt":"2018-10-04T07:18:22","slug":"arno_paul","status":"publish","type":"page","link":"https:\/\/editionslightmotiv.com\/en\/auteurs-photographes\/arno_paul\/","title":{"rendered":"Arno Paul"},"content":{"rendered":"<a href=\"https:\/\/editionslightmotiv.com\/auteurs-photographes\/\" class=\"button primary is-link\" >\n\t\t<span>Retour<\/span>\n\t<\/a>\n\n<p style=\"text-align: center;\"><img loading=\"lazy\" decoding=\"async\" class=\"alignnone wp-image-688 \" src=\"https:\/\/editionslightmotiv.com\/wp-content\/uploads\/2018\/08\/ArnoPaul-autoportrait-323x400.jpg\" alt=\"\" width=\"263\" height=\"325\"><br \/>\n<span style=\"font-size: 75%;\">\u00a9 Arno Paul<\/span><\/p>\n<p><strong>Arno Paul<br \/>\n<\/strong>Originaire de Nancy, Arno Paul est co-fondateur de [Collimateurs], collectif de photographes de la r\u00e9gion nanc\u00e9ienne.<br \/>\nSes domaines de pr\u00e9dilection sont le portrait, le reportage et la sc\u00e8ne. Il travaille r\u00e9guli\u00e8rement avec la presse et r\u00e9alise de nombreux portraits d\u2019artistes et de musiciens.<\/p>\n<p>L&rsquo;ouvrage <em>Inventaire<\/em> a re\u00e7u le <em><strong>Prix du Photolivre 2015<\/strong><\/em><\/p>\n\t\n  \n    <div class=\"row large-columns-6 medium-columns-3 small-columns-2 row-small slider row-slider slider-nav-simple slider-nav-push\"  data-flickity-options='{&quot;imagesLoaded&quot;: true, &quot;groupCells&quot;: &quot;100%&quot;, &quot;dragThreshold&quot; : 5, &quot;cellAlign&quot;: &quot;left&quot;,&quot;wrapAround&quot;: true,&quot;prevNextButtons&quot;: true,&quot;percentPosition&quot;: true,&quot;pageDots&quot;: false, &quot;rightToLeft&quot;: false, &quot;autoPlay&quot; : false}' >\n\n  \n\t     <div class=\"product-small col has-hover out-of-stock product type-product post-52 status-publish first outofstock product_cat-livre product_tag-animals product_tag-animaux product_tag-arno-paul product_tag-livre-photographique product_tag-musee-dhistoire-naturelle product_tag-philippe-claudel product_tag-photobook product_tag-taxidermie product_tag-taxidermy has-post-thumbnail shipping-taxable purchasable product-type-simple\">\n\t<div class=\"col-inner\">\n\t\n<div class=\"badge-container absolute left top z-1\">\n\n<\/div>\n\t<div class=\"product-small box \">\n\t\t<div class=\"box-image\">\n\t\t\t<div class=\"image-zoom-fade\">\n\t\t\t\t<a href=\"https:\/\/editionslightmotiv.com\/en\/product\/inventaire-arno-paul\/\">\n\t\t\t\t\t<img loading=\"lazy\" decoding=\"async\" width=\"600\" height=\"720\" src=\"https:\/\/editionslightmotiv.com\/wp-content\/uploads\/2018\/08\/inventaire_site-600x720.jpg\" class=\"attachment-woocommerce_thumbnail size-woocommerce_thumbnail\" alt=\"INVENTAIRE\" srcset=\"https:\/\/editionslightmotiv.com\/wp-content\/uploads\/2018\/08\/inventaire_site-600x720.jpg 600w, https:\/\/editionslightmotiv.com\/wp-content\/uploads\/2018\/08\/inventaire_site-247x296.jpg 247w\" sizes=\"auto, (max-width: 600px) 100vw, 600px\" \/>\t\t\t\t<\/a>\n\t\t\t<\/div>\n\t\t\t<div class=\"image-tools is-small top right show-on-hover\">\n\t\t\t\t\t\t\t<\/div>\n\t\t\t<div class=\"image-tools is-small hide-for-small bottom left show-on-hover\">\n\t\t\t\t\t\t\t<\/div>\n\t\t\t<div class=\"image-tools grid-tools text-center hide-for-small bottom hover-slide-in show-on-hover\">\n\t\t\t\t<a href=\"https:\/\/editionslightmotiv.com\/en\/product\/inventaire-arno-paul\/\" aria-describedby=\"woocommerce_loop_add_to_cart_link_describedby_52\" data-quantity=\"1\" class=\"add-to-cart-grid no-padding is-transparent product_type_simple\" data-product_id=\"52\" data-product_sku=\"\" aria-label=\"Read more about &ldquo;INVENTAIRE&rdquo;\" rel=\"nofollow\" data-success_message=\"\"><div class=\"cart-icon tooltip is-small\" title=\"Read more\"><strong>+<\/strong><\/div><\/a>\t<span id=\"woocommerce_loop_add_to_cart_link_describedby_52\" class=\"screen-reader-text\">\n\t\t\t<\/span>\n<a href=\"#quick-view\" class=\"quick-view\" role=\"button\" data-prod=\"52\" aria-haspopup=\"dialog\" aria-expanded=\"false\" data-flatsome-role-button>Quick View<\/a>\t\t\t<\/div>\n\t\t\t<div class=\"out-of-stock-label\">OUT OF STOCK<\/div>\t\t<\/div>\n\n\t\t<div class=\"box-text box-text-products text-center grid-style-2\">\n\t\t\t<div class=\"title-wrapper\"><p class=\"name product-title woocommerce-loop-product__title\"><a href=\"https:\/\/editionslightmotiv.com\/en\/product\/inventaire-arno-paul\/\" class=\"woocommerce-LoopProduct-link woocommerce-loop-product__link\">INVENTAIRE<\/a><\/p><\/div><div class=\"price-wrapper\">\n\t<span class=\"price\"><span class=\"woocommerce-Price-amount amount\"><bdi>20,00<span class=\"woocommerce-Price-currencySymbol\">&euro;<\/span><\/bdi><\/span><\/span>\n<\/div>\t\t<\/div>\n\t<\/div>\n\t\t<\/div>\n<\/div><\/div>\n","protected":false},"excerpt":{"rendered":"<p>\u00a9 Arno Paul Arno Paul Originaire de Nancy, Arno Paul est co-fondateur de [Collimateurs], collectif de photographes de la r\u00e9gion nanc\u00e9ienne. Ses domaines de pr\u00e9dilection sont le portrait, le reportage et la sc\u00e8ne. Il travaille r\u00e9guli\u00e8rement avec la presse et r\u00e9alise de nombreux portraits d\u2019artistes et de musiciens. L&rsquo;ouvrage Inventaire a re\u00e7u le Prix du<\/p>\n","protected":false},"author":1,"featured_media":0,"parent":43,"menu_order":0,"comment_status":"closed","ping_status":"closed","template":"","meta":{"footnotes":""},"class_list":["post-686","page","type-page","status-publish","hentry"],"_links":{"self":[{"href":"https:\/\/editionslightmotiv.com\/en\/wp-json\/wp\/v2\/pages\/686","targetHints":{"allow":["GET"]}}],"collection":[{"href":"https:\/\/editionslightmotiv.com\/en\/wp-json\/wp\/v2\/pages"}],"about":[{"href":"https:\/\/editionslightmotiv.com\/en\/wp-json\/wp\/v2\/types\/page"}],"author":[{"embeddable":true,"href":"https:\/\/editionslightmotiv.com\/en\/wp-json\/wp\/v2\/users\/1"}],"replies":[{"embeddable":true,"href":"https:\/\/editionslightmotiv.com\/en\/wp-json\/wp\/v2\/comments?post=686"}],"version-history":[{"count":4,"href":"https:\/\/editionslightmotiv.com\/en\/wp-json\/wp\/v2\/pages\/686\/revisions"}],"predecessor-version":[{"id":1439,"href":"https:\/\/editionslightmotiv.com\/en\/wp-json\/wp\/v2\/pages\/686\/revisions\/1439"}],"up":[{"embeddable":true,"href":"https:\/\/editionslightmotiv.com\/en\/wp-json\/wp\/v2\/pages\/43"}],"wp:attachment":[{"href":"https:\/\/editionslightmotiv.com\/en\/wp-json\/wp\/v2\/media?parent=686"}],"curies":[{"name":"wp","href":"https:\/\/api.w.org\/{rel}","templated":true}]}}

<a href="https://editionslightmotiv.com/auteurs-photographes/" class="button primary is-link" >
		<span>Retour</span>
	</a>

<p style="text-align: center;"><img loading="lazy" decoding="async" class="alignnone wp-image-688 " src="https://editionslightmotiv.com/wp-content/uploads/2018/08/ArnoPaul-autoportrait-323x400.jpg" alt="" width="263" height="325"><br />
<span style="font-size: 75%;">© Arno Paul</span></p>
<p><strong>Arno Paul<br />
</strong>Originaire de Nancy, Arno Paul est co-fondateur de [Collimateurs], collectif de photographes de la région nancéienne.<br />
Ses domaines de prédilection sont le portrait, le reportage et la scène. Il travaille régulièrement avec la presse et réalise de nombreux portraits d’artistes et de musiciens.</p>
<p>L&rsquo;ouvrage <em>Inventaire</em> a reçu le <em><strong>Prix du Photolivre 2015</strong></em></p>
	
  
    <div class="row large-columns-6 medium-columns-3 small-columns-2 row-small slider row-slider slider-nav-simple slider-nav-push"  data-flickity-options='{&quot;imagesLoaded&quot;: true, &quot;groupCells&quot;: &quot;100%&quot;, &quot;dragThreshold&quot; : 5, &quot;cellAlign&quot;: &quot;left&quot;,&quot;wrapAround&quot;: true,&quot;prevNextButtons&quot;: true,&quot;percentPosition&quot;: true,&quot;pageDots&quot;: false, &quot;rightToLeft&quot;: false, &quot;autoPlay&quot; : false}' >

  
	     <div class="product-small col has-hover out-of-stock product type-product post-52 status-publish first outofstock product_cat-livre product_tag-animals product_tag-animaux product_tag-arno-paul product_tag-livre-photographique product_tag-musee-dhistoire-naturelle product_tag-philippe-claudel product_tag-photobook product_tag-taxidermie product_tag-taxidermy has-post-thumbnail shipping-taxable purchasable product-type-simple">
	<div class="col-inner">
	
<div class="badge-container absolute left top z-1">

</div>
	<div class="product-small box ">
		<div class="box-image">
			<div class="image-zoom-fade">
				<a href="https://editionslightmotiv.com/en/product/inventaire-arno-paul/">
					<img loading="lazy" decoding="async" width="600" height="720" src="https://editionslightmotiv.com/wp-content/uploads/2018/08/inventaire_site-600x720.jpg" class="attachment-woocommerce_thumbnail size-woocommerce_thumbnail" alt="INVENTAIRE" srcset="https://editionslightmotiv.com/wp-content/uploads/2018/08/inventaire_site-600x720.jpg 600w, https://editionslightmotiv.com/wp-content/uploads/2018/08/inventaire_site-247x296.jpg 247w" sizes="auto, (max-width: 600px) 100vw, 600px" />				</a>
			</div>
			<div class="image-tools is-small top right show-on-hover">
							</div>
			<div class="image-tools is-small hide-for-small bottom left show-on-hover">
							</div>
			<div class="image-tools grid-tools text-center hide-for-small bottom hover-slide-in show-on-hover">
				<a href="https://editionslightmotiv.com/en/product/inventaire-arno-paul/" aria-describedby="woocommerce_loop_add_to_cart_link_describedby_52" data-quantity="1" class="add-to-cart-grid no-padding is-transparent product_type_simple" data-product_id="52" data-product_sku="" aria-label="Read more about &ldquo;INVENTAIRE&rdquo;" rel="nofollow" data-success_message=""><div class="cart-icon tooltip is-small" title="Read more"><strong>+</strong></div></a>	<span id="woocommerce_loop_add_to_cart_link_describedby_52" class="screen-reader-text">
			</span>
<a href="#quick-view" class="quick-view" role="button" data-prod="52" aria-haspopup="dialog" aria-expanded="false" data-flatsome-role-button>Quick View</a>			</div>
			<div class="out-of-stock-label">OUT OF STOCK</div>		</div>

		<div class="box-text box-text-products text-center grid-style-2">
			<div class="title-wrapper"><p class="name product-title woocommerce-loop-product__title"><a href="https://editionslightmotiv.com/en/product/inventaire-arno-paul/" class="woocommerce-LoopProduct-link woocommerce-loop-product__link">INVENTAIRE</a></p></div><div class="price-wrapper">
	<span class="price"><span class="woocommerce-Price-amount amount"><bdi>20,00<span class="woocommerce-Price-currencySymbol">&euro;</span></bdi></span></span>
</div>		</div>
	</div>
		</div>
</div></div>

<p>© Arno Paul Arno Paul Originaire de Nancy, Arno Paul est co-fondateur de [Collimateurs], collectif de photographes de la région nancéienne. Ses domaines de prédilection sont le portrait, le reportage et la scène. Il travaille régulièrement avec la presse et réalise de nombreux portraits d’artistes et de musiciens. L&rsquo;ouvrage Inventaire a reçu le Prix du</p>
