{"id":4549,"date":"2025-02-10T18:26:22","date_gmt":"2025-02-10T17:26:22","guid":{"rendered":"https:\/\/editionslightmotiv.com\/?page_id=4549"},"modified":"2026-02-11T14:41:40","modified_gmt":"2026-02-11T13:41:40","slug":"guillaume-perret","status":"publish","type":"page","link":"https:\/\/editionslightmotiv.com\/en\/guillaume-perret\/","title":{"rendered":"Guillaume Perret"},"content":{"rendered":"<a href=\"https:\/\/editionslightmotiv.com\/en\/auteurs-photographes\/\" class=\"button primary is-link\" >\n\t\t<span>RETOUR<\/span>\n\t<\/a>\n\n\n<p><img loading=\"lazy\" decoding=\"async\" class=\"alignnone  wp-image-5319 aligncenter\" src=\"https:\/\/editionslightmotiv.com\/wp-content\/uploads\/2026\/02\/portraitGP_BAT_BD-1200x800.jpg\" alt=\"\" width=\"441\" height=\"294\" srcset=\"https:\/\/editionslightmotiv.com\/wp-content\/uploads\/2026\/02\/portraitGP_BAT_BD-1200x800.jpg 1200w, https:\/\/editionslightmotiv.com\/wp-content\/uploads\/2026\/02\/portraitGP_BAT_BD-280x187.jpg 280w, https:\/\/editionslightmotiv.com\/wp-content\/uploads\/2026\/02\/portraitGP_BAT_BD-768x512.jpg 768w, https:\/\/editionslightmotiv.com\/wp-content\/uploads\/2026\/02\/portraitGP_BAT_BD-1536x1024.jpg 1536w, https:\/\/editionslightmotiv.com\/wp-content\/uploads\/2026\/02\/portraitGP_BAT_BD-2048x1366.jpg 2048w, https:\/\/editionslightmotiv.com\/wp-content\/uploads\/2026\/02\/portraitGP_BAT_BD-18x12.jpg 18w, https:\/\/editionslightmotiv.com\/wp-content\/uploads\/2026\/02\/portraitGP_BAT_BD-900x600.jpg 900w\" sizes=\"auto, (max-width: 441px) 100vw, 441px\" \/><\/p>\n<p style=\"text-align: center;\"><span style=\"font-size: 80%;\"><em><b>\u00a9 <\/b>Eric Le Brun<\/em><\/span><\/p>\n<p style=\"text-align: center;\"><span style=\"font-size: 170%; color: #282828;\"><strong>Guillaume Perret<\/strong><\/span><\/p>\n<p class=\"p1\" style=\"text-align: center;\">Photographe de 50 ans, Guillaume Perret vit \u00e0 Cormondr\u00e8che (Suisse). C\u2019est apr\u00e8s avoir exerc\u00e9 les m\u00e9tiers de ma\u00e7on et de ma\u00eetre de culture g\u00e9n\u00e9rale qu\u2019il se consacre enti\u00e8rement \u00e0 la photographie. Son travail de fond explore les corps de ceux et celles qui naviguent dans les marges. Il met souvent en relation les mati\u00e8res, les corps et les \u00e9l\u00e9ments de la nature, comme dans son projet AMOUR qui a fait l\u2019objet d\u2019un livre paru aux \u00e9ditions ACT en 2019 et de plusieurs expositions (Galerie Focale de Nyon, Th\u00e9\u00e2tre de l\u2019Orangerie de Gen\u00e8ve, Festival International du Livre d\u2019Art et du Film de Perpignan&#8230;).<\/p>\n<p class=\"p1\" style=\"text-align: center;\">Le portrait est au centre de sa d\u00e9marche (il a notamment \u00e9t\u00e9 consacr\u00e9 \u00ab photographer of the year \u00bb par le jury du <a href=\"https:\/\/swisspressaward.ch\/fr\/user\/c00028631\/showcase\/fss\/\" target=\"_blank\" rel=\"noopener\">Swiss Press Photo<\/a> avec le 1er prix dans la cat\u00e9gorie portrait en 2018).<\/p>\n<p style=\"text-align: center;\">En novembre 2024, il publie aux Editions Light Motiv le livre <a href=\"https:\/\/editionslightmotiv.com\/en\/product\/lux\/\"><strong><em>LUX<\/em><\/strong><\/a> consacr\u00e9 aux r\u00e9sident.e.s \u00e0 l&rsquo;ann\u00e9e d&rsquo;un camping \u00e0 l&rsquo;or\u00e9e du for\u00eat suisse.<\/p>\n<p style=\"text-align: center;\"><strong>Autres publications :<\/strong><\/p>\n<p style=\"text-align: center;\"><a href=\"https:\/\/www.guillaumeperret.com\/produits\/amour\" target=\"_blank\" rel=\"noopener\"><em>Amour<\/em><\/a> (\u00e9ditions ACT, 2019)<\/p>\n<p style=\"text-align: center;\">Son site internet : <a href=\"https:\/\/www.guillaumeperret.com\/\" target=\"_blank\" rel=\"noopener\">https:\/\/www.guillaumeperret.com\/<\/a><\/p>\n<p style=\"text-align: center;\">Son Instagram : <a href=\"https:\/\/www.instagram.com\/guillaumeperret\/\" target=\"_blank\" rel=\"noopener\">https:\/\/www.instagram.com\/guillaumeperret\/<\/a><\/p>\n<h2 style=\"text-align: center;\">Ses livres aux Editions Light Motiv<\/h2>\n\t\n  \n    <div class=\"row large-columns-4 medium-columns-3 small-columns-2 row-small slider row-slider slider-nav-reveal slider-nav-push\"  data-flickity-options='{&quot;imagesLoaded&quot;: true, &quot;groupCells&quot;: &quot;100%&quot;, &quot;dragThreshold&quot; : 5, &quot;cellAlign&quot;: &quot;left&quot;,&quot;wrapAround&quot;: true,&quot;prevNextButtons&quot;: true,&quot;percentPosition&quot;: true,&quot;pageDots&quot;: false, &quot;rightToLeft&quot;: false, &quot;autoPlay&quot; : false}' >\n\n  \n\t     <div class=\"product-small col has-hover product type-product post-4258 status-publish first instock product_cat-livre product_tag-autonomie product_tag-camping product_tag-co-edition product_tag-documentaire product_tag-documentary product_tag-feu product_tag-fire product_tag-freedom product_tag-guillaume-perret product_tag-lausanne product_tag-lauzanne product_tag-liberte product_tag-livre product_tag-lux product_tag-luxe product_tag-marginal product_tag-ouvrage-dart product_tag-paix product_tag-peace product_tag-photographie product_tag-photography product_tag-pra-collet product_tag-precarite product_tag-societe product_tag-suisse product_tag-vaud has-post-thumbnail shipping-taxable purchasable product-type-simple\">\n\t<div class=\"col-inner\">\n\t\n<div class=\"badge-container absolute left top z-1\">\n\n<\/div>\n\t<div class=\"product-small box\">\n\t\t<div class=\"box-image\">\n\t\t\t<div class=\"image-zoom-fade\">\n\t\t\t\t<a href=\"https:\/\/editionslightmotiv.com\/en\/product\/lux\/\">\n\t\t\t\t\t<img loading=\"lazy\" decoding=\"async\" width=\"600\" height=\"720\" src=\"https:\/\/editionslightmotiv.com\/wp-content\/uploads\/2024\/08\/CouvertureLUX_BD_site4-600x720.jpg\" class=\"attachment-woocommerce_thumbnail size-woocommerce_thumbnail\" alt=\"Couverture du livre photographique LUX de Guillaume Perret publi\u00e9 par les Editions Light Motiv en novembre 2024 sur des r\u00e9sidents vivant \u00e0 l&#039;ann\u00e9e dans un camping en Suisse\" srcset=\"https:\/\/editionslightmotiv.com\/wp-content\/uploads\/2024\/08\/CouvertureLUX_BD_site4-600x720.jpg 600w, https:\/\/editionslightmotiv.com\/wp-content\/uploads\/2024\/08\/CouvertureLUX_BD_site4-11x12.jpg 11w\" sizes=\"auto, (max-width: 600px) 100vw, 600px\" \/>\t\t\t\t<\/a>\n\t\t\t<\/div>\n\t\t\t<div class=\"image-tools is-small top right show-on-hover\">\n\t\t\t\t\t\t\t<\/div>\n\t\t\t<div class=\"image-tools is-small hide-for-small bottom left show-on-hover\">\n\t\t\t\t\t\t\t<\/div>\n\t\t\t<div class=\"image-tools grid-tools text-center hide-for-small bottom hover-slide-in show-on-hover\">\n\t\t\t\t<a href=\"\/en\/wp-json\/wp\/v2\/pages\/4549?add-to-cart=4258\" aria-describedby=\"woocommerce_loop_add_to_cart_link_describedby_4258\" data-quantity=\"1\" class=\"add-to-cart-grid no-padding is-transparent product_type_simple add_to_cart_button ajax_add_to_cart\" data-product_id=\"4258\" data-product_sku=\"\" aria-label=\"Add to basket: \u201cLUX\u201d\" rel=\"nofollow\" data-success_message=\"\u201cLUX\u201d has been added to your basket\" role=\"button\" data-no-translation-aria-label=\"\" data-no-translation-data-success_message=\"\"><div class=\"cart-icon tooltip is-small\" title=\"Add to cart\" data-no-translation-title=\"\"><strong>+<\/strong><\/div><\/a>\t<span id=\"woocommerce_loop_add_to_cart_link_describedby_4258\" class=\"screen-reader-text\">\n\t\t\t<\/span>\n<a href=\"#quick-view\" class=\"quick-view\" role=\"button\" data-prod=\"4258\" aria-haspopup=\"dialog\" aria-expanded=\"false\" data-flatsome-role-button>Quick View<\/a>\t\t\t<\/div>\n\t\t\t\t\t<\/div>\n\n\t\t<div class=\"box-text box-text-products text-center grid-style-2\">\n\t\t\t<div class=\"title-wrapper\"><p class=\"name product-title woocommerce-loop-product__title\"><a href=\"https:\/\/editionslightmotiv.com\/en\/product\/lux\/\" class=\"woocommerce-LoopProduct-link woocommerce-loop-product__link\">LUX<\/a><\/p><\/div><div class=\"price-wrapper\">\n\t<span class=\"price\"><span class=\"woocommerce-Price-amount amount\"><bdi>38,00<span class=\"woocommerce-Price-currencySymbol\">&euro;<\/span><\/bdi><\/span><\/span>\n<\/div>\t\t<\/div>\n\t<\/div>\n\t\t<\/div>\n<\/div><div class=\"product-small col has-hover product type-product post-4356 status-publish instock product_cat-livre-avec-tirage product_tag-autonomie product_tag-camping product_tag-co-edition product_tag-documentaire product_tag-documentary product_tag-feu product_tag-fire product_tag-freedom product_tag-guillaume-perret product_tag-lausanne product_tag-lauzanne product_tag-liberte product_tag-livre product_tag-lux product_tag-luxe product_tag-marginal product_tag-ouvrage-dart product_tag-paix product_tag-peace product_tag-photographie product_tag-photography product_tag-pra-collet product_tag-precarite product_tag-societe product_tag-suisse product_tag-vaud has-post-thumbnail shipping-taxable purchasable product-type-variable\">\n\t<div class=\"col-inner\">\n\t\n<div class=\"badge-container absolute left top z-1\">\n\n<\/div>\n\t<div class=\"product-small box\">\n\t\t<div class=\"box-image\">\n\t\t\t<div class=\"image-zoom-fade\">\n\t\t\t\t<a href=\"https:\/\/editionslightmotiv.com\/en\/product\/lux-avec-tirage\/\">\n\t\t\t\t\t<img loading=\"lazy\" decoding=\"async\" width=\"600\" height=\"720\" src=\"https:\/\/editionslightmotiv.com\/wp-content\/uploads\/2024\/08\/CouvertureLUX_BD_site4-600x720.jpg\" class=\"attachment-woocommerce_thumbnail size-woocommerce_thumbnail\" alt=\"Couverture du livre photographique LUX de Guillaume Perret publi\u00e9 par les Editions Light Motiv en novembre 2024 sur des r\u00e9sidents vivant \u00e0 l&#039;ann\u00e9e dans un camping en Suisse\" srcset=\"https:\/\/editionslightmotiv.com\/wp-content\/uploads\/2024\/08\/CouvertureLUX_BD_site4-600x720.jpg 600w, https:\/\/editionslightmotiv.com\/wp-content\/uploads\/2024\/08\/CouvertureLUX_BD_site4-11x12.jpg 11w\" sizes=\"auto, (max-width: 600px) 100vw, 600px\" \/>\t\t\t\t<\/a>\n\t\t\t<\/div>\n\t\t\t<div class=\"image-tools is-small top right show-on-hover\">\n\t\t\t\t\t\t\t<\/div>\n\t\t\t<div class=\"image-tools is-small hide-for-small bottom left show-on-hover\">\n\t\t\t\t\t\t\t<\/div>\n\t\t\t<div class=\"image-tools grid-tools text-center hide-for-small bottom hover-slide-in show-on-hover\">\n\t\t\t\t<a href=\"https:\/\/editionslightmotiv.com\/en\/product\/lux-avec-tirage\/\" aria-describedby=\"woocommerce_loop_add_to_cart_link_describedby_4356\" data-quantity=\"1\" class=\"add-to-cart-grid no-padding is-transparent product_type_variable add_to_cart_button\" data-product_id=\"4356\" data-product_sku=\"\" aria-label=\"Select options for \u201cLUX avec tirage\u201d\" rel=\"nofollow\" data-no-translation-aria-label=\"\"><div class=\"cart-icon tooltip is-small\" title=\"Select options\" data-no-translation-title=\"\"><strong>+<\/strong><\/div><\/a>\t<span id=\"woocommerce_loop_add_to_cart_link_describedby_4356\" class=\"screen-reader-text\">\n\t\tThis product has multiple variants. The options may be chosen on the product page\t<\/span>\n<a href=\"#quick-view\" class=\"quick-view\" role=\"button\" data-prod=\"4356\" aria-haspopup=\"dialog\" aria-expanded=\"false\" data-flatsome-role-button>Quick View<\/a>\t\t\t<\/div>\n\t\t\t\t\t<\/div>\n\n\t\t<div class=\"box-text box-text-products text-center grid-style-2\">\n\t\t\t<div class=\"title-wrapper\"><p class=\"name product-title woocommerce-loop-product__title\"><a href=\"https:\/\/editionslightmotiv.com\/en\/product\/lux-avec-tirage\/\" class=\"woocommerce-LoopProduct-link woocommerce-loop-product__link\">LUX avec tirage<\/a><\/p><\/div><div class=\"price-wrapper\">\n\t<span class=\"price\"><span class=\"woocommerce-Price-amount amount\"><bdi>120,00<span class=\"woocommerce-Price-currencySymbol\">&euro;<\/span><\/bdi><\/span><\/span>\n<\/div>\t\t<\/div>\n\t<\/div>\n\t\t<\/div>\n<\/div><\/div>","protected":false},"excerpt":{"rendered":"","protected":false},"author":1,"featured_media":0,"parent":0,"menu_order":0,"comment_status":"closed","ping_status":"closed","template":"","meta":{"footnotes":""},"class_list":["post-4549","page","type-page","status-publish","hentry"],"_links":{"self":[{"href":"https:\/\/editionslightmotiv.com\/en\/wp-json\/wp\/v2\/pages\/4549","targetHints":{"allow":["GET"]}}],"collection":[{"href":"https:\/\/editionslightmotiv.com\/en\/wp-json\/wp\/v2\/pages"}],"about":[{"href":"https:\/\/editionslightmotiv.com\/en\/wp-json\/wp\/v2\/types\/page"}],"author":[{"embeddable":true,"href":"https:\/\/editionslightmotiv.com\/en\/wp-json\/wp\/v2\/users\/1"}],"replies":[{"embeddable":true,"href":"https:\/\/editionslightmotiv.com\/en\/wp-json\/wp\/v2\/comments?post=4549"}],"version-history":[{"count":8,"href":"https:\/\/editionslightmotiv.com\/en\/wp-json\/wp\/v2\/pages\/4549\/revisions"}],"predecessor-version":[{"id":5326,"href":"https:\/\/editionslightmotiv.com\/en\/wp-json\/wp\/v2\/pages\/4549\/revisions\/5326"}],"wp:attachment":[{"href":"https:\/\/editionslightmotiv.com\/en\/wp-json\/wp\/v2\/media?parent=4549"}],"curies":[{"name":"wp","href":"https:\/\/api.w.org\/{rel}","templated":true}]}}

<a href="https://editionslightmotiv.com/en/auteurs-photographes/" class="button primary is-link" >
		<span>RETOUR</span>
	</a>


<p><img loading="lazy" decoding="async" class="alignnone  wp-image-5319 aligncenter" src="https://editionslightmotiv.com/wp-content/uploads/2026/02/portraitGP_BAT_BD-1200x800.jpg" alt="" width="441" height="294" srcset="https://editionslightmotiv.com/wp-content/uploads/2026/02/portraitGP_BAT_BD-1200x800.jpg 1200w, https://editionslightmotiv.com/wp-content/uploads/2026/02/portraitGP_BAT_BD-280x187.jpg 280w, https://editionslightmotiv.com/wp-content/uploads/2026/02/portraitGP_BAT_BD-768x512.jpg 768w, https://editionslightmotiv.com/wp-content/uploads/2026/02/portraitGP_BAT_BD-1536x1024.jpg 1536w, https://editionslightmotiv.com/wp-content/uploads/2026/02/portraitGP_BAT_BD-2048x1366.jpg 2048w, https://editionslightmotiv.com/wp-content/uploads/2026/02/portraitGP_BAT_BD-18x12.jpg 18w, https://editionslightmotiv.com/wp-content/uploads/2026/02/portraitGP_BAT_BD-900x600.jpg 900w" sizes="auto, (max-width: 441px) 100vw, 441px" /></p>
<p style="text-align: center;"><span style="font-size: 80%;"><em><b>© </b>Eric Le Brun</em></span></p>
<p style="text-align: center;"><span style="font-size: 170%; color: #282828;"><strong>Guillaume Perret</strong></span></p>
<p class="p1" style="text-align: center;">Photographe de 50 ans, Guillaume Perret vit à Cormondrèche (Suisse). C’est après avoir exercé les métiers de maçon et de maître de culture générale qu’il se consacre entièrement à la photographie. Son travail de fond explore les corps de ceux et celles qui naviguent dans les marges. Il met souvent en relation les matières, les corps et les éléments de la nature, comme dans son projet AMOUR qui a fait l’objet d’un livre paru aux éditions ACT en 2019 et de plusieurs expositions (Galerie Focale de Nyon, Théâtre de l’Orangerie de Genève, Festival International du Livre d’Art et du Film de Perpignan&#8230;).</p>
<p class="p1" style="text-align: center;">Le portrait est au centre de sa démarche (il a notamment été consacré « photographer of the year » par le jury du <a href="https://swisspressaward.ch/fr/user/c00028631/showcase/fss/" target="_blank" rel="noopener">Swiss Press Photo</a> avec le 1er prix dans la catégorie portrait en 2018).</p>
<p style="text-align: center;">En novembre 2024, il publie aux Editions Light Motiv le livre <a href="https://editionslightmotiv.com/en/product/lux/"><strong><em>LUX</em></strong></a> consacré aux résident.e.s à l&rsquo;année d&rsquo;un camping à l&rsquo;orée du forêt suisse.</p>
<p style="text-align: center;"><strong>Autres publications :</strong></p>
<p style="text-align: center;"><a href="https://www.guillaumeperret.com/produits/amour" target="_blank" rel="noopener"><em>Amour</em></a> (éditions ACT, 2019)</p>
<p style="text-align: center;">Son site internet : <a href="https://www.guillaumeperret.com/" target="_blank" rel="noopener">https://www.guillaumeperret.com/</a></p>
<p style="text-align: center;">Son Instagram : <a href="https://www.instagram.com/guillaumeperret/" target="_blank" rel="noopener">https://www.instagram.com/guillaumeperret/</a></p>
<h2 style="text-align: center;">Ses livres aux Editions Light Motiv</h2>
	
  
    <div class="row large-columns-4 medium-columns-3 small-columns-2 row-small slider row-slider slider-nav-reveal slider-nav-push"  data-flickity-options='{&quot;imagesLoaded&quot;: true, &quot;groupCells&quot;: &quot;100%&quot;, &quot;dragThreshold&quot; : 5, &quot;cellAlign&quot;: &quot;left&quot;,&quot;wrapAround&quot;: true,&quot;prevNextButtons&quot;: true,&quot;percentPosition&quot;: true,&quot;pageDots&quot;: false, &quot;rightToLeft&quot;: false, &quot;autoPlay&quot; : false}' >

  
	     <div class="product-small col has-hover product type-product post-4258 status-publish first instock product_cat-livre product_tag-autonomie product_tag-camping product_tag-co-edition product_tag-documentaire product_tag-documentary product_tag-feu product_tag-fire product_tag-freedom product_tag-guillaume-perret product_tag-lausanne product_tag-lauzanne product_tag-liberte product_tag-livre product_tag-lux product_tag-luxe product_tag-marginal product_tag-ouvrage-dart product_tag-paix product_tag-peace product_tag-photographie product_tag-photography product_tag-pra-collet product_tag-precarite product_tag-societe product_tag-suisse product_tag-vaud has-post-thumbnail shipping-taxable purchasable product-type-simple">
	<div class="col-inner">
	
<div class="badge-container absolute left top z-1">

</div>
	<div class="product-small box">
		<div class="box-image">
			<div class="image-zoom-fade">
				<a href="https://editionslightmotiv.com/en/product/lux/">
					<img loading="lazy" decoding="async" width="600" height="720" src="https://editionslightmotiv.com/wp-content/uploads/2024/08/CouvertureLUX_BD_site4-600x720.jpg" class="attachment-woocommerce_thumbnail size-woocommerce_thumbnail" alt="Couverture du livre photographique LUX de Guillaume Perret publié par les Editions Light Motiv en novembre 2024 sur des résidents vivant à l&#039;année dans un camping en Suisse" srcset="https://editionslightmotiv.com/wp-content/uploads/2024/08/CouvertureLUX_BD_site4-600x720.jpg 600w, https://editionslightmotiv.com/wp-content/uploads/2024/08/CouvertureLUX_BD_site4-11x12.jpg 11w" sizes="auto, (max-width: 600px) 100vw, 600px" />				</a>
			</div>
			<div class="image-tools is-small top right show-on-hover">
							</div>
			<div class="image-tools is-small hide-for-small bottom left show-on-hover">
							</div>
			<div class="image-tools grid-tools text-center hide-for-small bottom hover-slide-in show-on-hover">
				<a href="/en/wp-json/wp/v2/pages/4549?add-to-cart=4258" aria-describedby="woocommerce_loop_add_to_cart_link_describedby_4258" data-quantity="1" class="add-to-cart-grid no-padding is-transparent product_type_simple add_to_cart_button ajax_add_to_cart" data-product_id="4258" data-product_sku="" aria-label="Add to basket: “LUX”" rel="nofollow" data-success_message="“LUX” has been added to your basket" role="button" data-no-translation-aria-label="" data-no-translation-data-success_message=""><div class="cart-icon tooltip is-small" title="Add to cart" data-no-translation-title=""><strong>+</strong></div></a>	<span id="woocommerce_loop_add_to_cart_link_describedby_4258" class="screen-reader-text">
			</span>
<a href="#quick-view" class="quick-view" role="button" data-prod="4258" aria-haspopup="dialog" aria-expanded="false" data-flatsome-role-button>Quick View</a>			</div>
					</div>

		<div class="box-text box-text-products text-center grid-style-2">
			<div class="title-wrapper"><p class="name product-title woocommerce-loop-product__title"><a href="https://editionslightmotiv.com/en/product/lux/" class="woocommerce-LoopProduct-link woocommerce-loop-product__link">LUX</a></p></div><div class="price-wrapper">
	<span class="price"><span class="woocommerce-Price-amount amount"><bdi>38,00<span class="woocommerce-Price-currencySymbol">&euro;</span></bdi></span></span>
</div>		</div>
	</div>
		</div>
</div><div class="product-small col has-hover product type-product post-4356 status-publish instock product_cat-livre-avec-tirage product_tag-autonomie product_tag-camping product_tag-co-edition product_tag-documentaire product_tag-documentary product_tag-feu product_tag-fire product_tag-freedom product_tag-guillaume-perret product_tag-lausanne product_tag-lauzanne product_tag-liberte product_tag-livre product_tag-lux product_tag-luxe product_tag-marginal product_tag-ouvrage-dart product_tag-paix product_tag-peace product_tag-photographie product_tag-photography product_tag-pra-collet product_tag-precarite product_tag-societe product_tag-suisse product_tag-vaud has-post-thumbnail shipping-taxable purchasable product-type-variable">
	<div class="col-inner">
	
<div class="badge-container absolute left top z-1">

</div>
	<div class="product-small box">
		<div class="box-image">
			<div class="image-zoom-fade">
				<a href="https://editionslightmotiv.com/en/product/lux-avec-tirage/">
					<img loading="lazy" decoding="async" width="600" height="720" src="https://editionslightmotiv.com/wp-content/uploads/2024/08/CouvertureLUX_BD_site4-600x720.jpg" class="attachment-woocommerce_thumbnail size-woocommerce_thumbnail" alt="Couverture du livre photographique LUX de Guillaume Perret publié par les Editions Light Motiv en novembre 2024 sur des résidents vivant à l&#039;année dans un camping en Suisse" srcset="https://editionslightmotiv.com/wp-content/uploads/2024/08/CouvertureLUX_BD_site4-600x720.jpg 600w, https://editionslightmotiv.com/wp-content/uploads/2024/08/CouvertureLUX_BD_site4-11x12.jpg 11w" sizes="auto, (max-width: 600px) 100vw, 600px" />				</a>
			</div>
			<div class="image-tools is-small top right show-on-hover">
							</div>
			<div class="image-tools is-small hide-for-small bottom left show-on-hover">
							</div>
			<div class="image-tools grid-tools text-center hide-for-small bottom hover-slide-in show-on-hover">
				<a href="https://editionslightmotiv.com/en/product/lux-avec-tirage/" aria-describedby="woocommerce_loop_add_to_cart_link_describedby_4356" data-quantity="1" class="add-to-cart-grid no-padding is-transparent product_type_variable add_to_cart_button" data-product_id="4356" data-product_sku="" aria-label="Select options for “LUX avec tirage”" rel="nofollow" data-no-translation-aria-label=""><div class="cart-icon tooltip is-small" title="Select options" data-no-translation-title=""><strong>+</strong></div></a>	<span id="woocommerce_loop_add_to_cart_link_describedby_4356" class="screen-reader-text">
		This product has multiple variants. The options may be chosen on the product page	</span>
<a href="#quick-view" class="quick-view" role="button" data-prod="4356" aria-haspopup="dialog" aria-expanded="false" data-flatsome-role-button>Quick View</a>			</div>
					</div>

		<div class="box-text box-text-products text-center grid-style-2">
			<div class="title-wrapper"><p class="name product-title woocommerce-loop-product__title"><a href="https://editionslightmotiv.com/en/product/lux-avec-tirage/" class="woocommerce-LoopProduct-link woocommerce-loop-product__link">LUX avec tirage</a></p></div><div class="price-wrapper">
	<span class="price"><span class="woocommerce-Price-amount amount"><bdi>120,00<span class="woocommerce-Price-currencySymbol">&euro;</span></bdi></span></span>
</div>		</div>
	</div>
		</div>
</div></div>
